Last updated on 2025-11-03 23:50:21 CET.
| Flavor | Version | Tinstall | Tcheck | Ttotal | Status | Flags | 
|---|---|---|---|---|---|---|
| r-devel-linux-x86_64-debian-clang | 0.3.2 | 4.32 | 35.41 | 39.73 | NOTE | |
| r-devel-linux-x86_64-debian-gcc | 0.3.2 | 3.02 | 26.27 | 29.29 | NOTE | |
| r-devel-linux-x86_64-fedora-clang | 0.3.2 | 12.00 | 49.61 | 61.61 | OK | |
| r-devel-linux-x86_64-fedora-gcc | 0.3.2 | 54.88 | OK | |||
| r-devel-windows-x86_64 | 0.3.2 | 6.00 | 51.00 | 57.00 | OK | |
| r-patched-linux-x86_64 | 0.3.2 | 3.58 | 33.67 | 37.25 | OK | |
| r-release-linux-x86_64 | 0.3.2 | 4.23 | 33.71 | 37.94 | OK | |
| r-release-macos-arm64 | 0.3.2 | 2.00 | 23.00 | 25.00 | OK | |
| r-release-macos-x86_64 | 0.3.2 | 4.00 | 36.00 | 40.00 | OK | |
| r-release-windows-x86_64 | 0.3.2 | 5.00 | 50.00 | 55.00 | OK | |
| r-oldrel-macos-arm64 | 0.3.2 | 2.00 | 18.00 | 20.00 | OK | |
| r-oldrel-macos-x86_64 | 0.3.2 | 5.00 | 36.00 | 41.00 | OK | |
| r-oldrel-windows-x86_64 | 0.3.2 | 7.00 | 61.00 | 68.00 | OK | 
Version: 0.3.2
Check: CRAN incoming feasibility
Result: NOTE
  Maintainer: ‘David J. H. Shih <djh.shih@gmail.com>’
  
  No Authors@R field in DESCRIPTION.
  Please add one, modifying
    Authors@R: person(given = c("David", "J.", "H."),
                      family = "Shih",
                      role = c("aut", "cre"),
                      email = "djh.shih@gmail.com")
  as necessary.
Flavors: r-devel-linux-x86_64-debian-clang, r-devel-linux-x86_64-debian-gcc