Last updated on 2025-07-10 12:48:25 CEST.
Flavor | Version | Tinstall | Tcheck | Ttotal | Status | Flags |
---|---|---|---|---|---|---|
r-devel-linux-x86_64-debian-clang | 0.8.0 | 15.86 | 125.34 | 141.20 | OK | |
r-devel-linux-x86_64-debian-gcc | 0.8.0 | 10.23 | 86.07 | 96.30 | OK | |
r-devel-linux-x86_64-fedora-clang | 0.8.0 | 207.77 | OK | |||
r-devel-linux-x86_64-fedora-gcc | 0.8.0 | 194.27 | OK | |||
r-devel-windows-x86_64 | 0.8.0 | 18.00 | 128.00 | 146.00 | OK | |
r-patched-linux-x86_64 | 0.8.0 | 15.92 | 105.21 | 121.13 | OK | |
r-release-linux-x86_64 | 0.8.0 | 15.25 | 107.14 | 122.39 | OK | |
r-release-macos-arm64 | 0.8.0 | 66.00 | OK | |||
r-release-macos-x86_64 | 0.8.0 | 132.00 | OK | |||
r-release-windows-x86_64 | 0.8.0 | 19.00 | 128.00 | 147.00 | OK | |
r-oldrel-macos-arm64 | 0.8.0 | 61.00 | NOTE | |||
r-oldrel-macos-x86_64 | 0.8.0 | 121.00 | NOTE | |||
r-oldrel-windows-x86_64 | 0.8.0 | 19.00 | 178.00 | 197.00 | NOTE |
Version: 0.8.0
Check: LazyData
Result: NOTE
'LazyData' is specified without a 'data' directory
Flavors: r-oldrel-macos-arm64, r-oldrel-macos-x86_64, r-oldrel-windows-x86_64