Last updated on 2025-11-03 23:50:21 CET.
| Flavor | Version | Tinstall | Tcheck | Ttotal | Status | Flags | 
|---|---|---|---|---|---|---|
| r-devel-linux-x86_64-debian-clang | 1.2.0 | 11.00 | 303.44 | 314.44 | OK | |
| r-devel-linux-x86_64-debian-gcc | 1.2.0 | 8.30 | 207.85 | 216.15 | OK | |
| r-devel-linux-x86_64-fedora-clang | 1.2.0 | 57.00 | 459.41 | 516.41 | NOTE | |
| r-devel-linux-x86_64-fedora-gcc | 1.2.0 | 24.00 | 474.84 | 498.84 | NOTE | |
| r-devel-windows-x86_64 | 1.2.0 | 14.00 | 255.00 | 269.00 | OK | |
| r-patched-linux-x86_64 | 1.2.0 | 12.26 | 293.93 | 306.19 | OK | |
| r-release-linux-x86_64 | 1.2.0 | 6.87 | 290.81 | 297.68 | OK | |
| r-release-macos-arm64 | 1.2.0 | 4.00 | 135.00 | 139.00 | OK | |
| r-release-macos-x86_64 | 1.2.0 | 9.00 | 288.00 | 297.00 | OK | |
| r-release-windows-x86_64 | 1.2.0 | 14.00 | 252.00 | 266.00 | OK | |
| r-oldrel-macos-arm64 | 1.2.0 | 4.00 | 111.00 | 115.00 | OK | |
| r-oldrel-macos-x86_64 | 1.2.0 | 12.00 | 335.00 | 347.00 | OK | |
| r-oldrel-windows-x86_64 | 1.2.0 | 17.00 | 355.00 | 372.00 | OK | 
Version: 1.2.0
Check: dependencies in R code
Result: NOTE
  Namespace in Imports field not imported from: ‘broom’
    All declared Imports should be used.
Flavors: r-devel-linux-x86_64-fedora-clang, r-devel-linux-x86_64-fedora-gcc