Last updated on 2025-05-23 12:49:30 CEST.
Flavor | Version | Tinstall | Tcheck | Ttotal | Status | Flags |
---|---|---|---|---|---|---|
r-devel-linux-x86_64-debian-clang | 1.4.0 | 4.03 | 213.97 | 218.00 | OK | |
r-devel-linux-x86_64-debian-gcc | 1.4.0 | 2.61 | 138.43 | 141.04 | OK | |
r-devel-linux-x86_64-fedora-clang | 1.4.0 | 363.68 | ERROR | |||
r-devel-linux-x86_64-fedora-gcc | 1.4.0 | 333.88 | OK | |||
r-devel-windows-x86_64 | 1.4.0 | 6.00 | 204.00 | 210.00 | OK | |
r-patched-linux-x86_64 | 1.4.0 | 3.71 | 201.09 | 204.80 | OK | |
r-release-linux-x86_64 | 1.4.0 | 3.66 | 198.95 | 202.61 | OK | |
r-release-macos-arm64 | 1.4.0 | 83.00 | OK | |||
r-release-macos-x86_64 | 1.4.0 | 189.00 | OK | |||
r-release-windows-x86_64 | 1.4.0 | 7.00 | 204.00 | 211.00 | OK | |
r-oldrel-macos-arm64 | 1.4.0 | 32.00 | OK | |||
r-oldrel-macos-x86_64 | 1.4.0 | 50.00 | OK | |||
r-oldrel-windows-x86_64 | 1.4.0 | 8.00 | 270.00 | 278.00 | OK |
Version: 1.4.0
Check: tests
Result: ERROR
Running ‘testthat.R’ [5m/12m]
Running the tests in ‘tests/testthat.R’ failed.
Complete output:
> library(testthat)
> library(intensitynet)
>
> test_check("intensitynet")
Loading required package: spatstat.data
Loading required package: spatstat.univar
spatstat.univar 3.1-3
Loading required package: spatstat.geom
spatstat.geom 3.4-1
Loading required package: spatstat.random
spatstat.random 3.4-1
Loading required package: spatstat.explore
Loading required package: nlme
spatstat.explore 3.4-3
Loading required package: spatstat.model
Loading required package: rpart
spatstat.model 3.3-6
Loading required package: spatstat.linnet
spatstat.linnet 3.2-6
spatstat 3.3-2
For an introduction to spatstat, type 'beginner'
Calculating edge intensities with event error distance of 5...
|
| | 0%
|
|= | 1%
|
|= | 2%
|
|== | 3%
|
|=== | 4%
|
|==== | 5%
|
|==== | 6%
|
|===== | 7%
|
|===== | 8%
|
|====== | 9%
|
|======= | 9%
|
|======= | 10%
|
|======== | 11%
|
|======== | 12%
|
|========= | 13%
|
|========== | 14%
|
|========== | 15%
|
|=========== | 16%
|
|============ | 17%
|
|============= | 18%
|
|============= | 19%
|
|============== | 20%
|
|============== | 21%
|
|=============== | 22%
|
|================ | 22%
|
|================ | 23%
|
|================= | 24%
|
|================== | 25%
|
|================== | 26%
|
|=================== | 27%
|
|=================== | 28%
|
|==================== | 28%
|
|===================== | 29%
|
|===================== | 30%
|
|====================== | 31%
|
|====================== | 32%
|
|======================= | 33%
|
|======================== | 34%
|
|========================= | 35%
|
|========================= | 36%
|
|========================== | 37%
|
|=========================== | 38%
|
|=========================== | 39%
|
|============================ | 40%
|
|============================ | 41%
|
|============================= | 41%
|
|============================== | 42%
|
|============================== | 43%
|
|=============================== | 44%
|
|=============================== | 45%
|
|================================ | 46%
|
|================================= | 47%
|
|================================== | 48%
|
|================================== | 49%
|
|=================================== | 50%
|
|==================================== | 51%
|
|==================================== | 52%
|
|===================================== | 53%
|
|====================================== | 54%
|
|======================================= | 55%
|
|======================================= | 56%
|
|======================================== | 57%
|
|======================================== | 58%
|
|========================================= | 59%
|
|========================================== | 59%
|
|========================================== | 60%
|
|=========================================== | 61%
|
|=========================================== | 62%
|
|============================================ | 63%
|
|============================================= | 64%
|
|============================================= | 65%
|
|============================================== | 66%
|
|=============================================== | 67%
|
|================================================ | 68%
|
|================================================ | 69%
|
|================================================= | 70%
|
|================================================= | 71%
|
|================================================== | 72%
|
|=================================================== | 72%
|
|=================================================== | 73%
|
|==================================================== | 74%
|
|==================================================== | 75%
|
|===================================================== | 76%
|
|====================================================== | 77%
|
|====================================================== | 78%
|
|======================================================= | 78%
|
|======================================================== | 79%
|
|======================================================== | 80%
|
|========================================================= | 81%
|
|========================================================= | 82%
|
|========================================================== | 83%
|
|=========================================================== | 84%
|
|============================================================ | 85%
|
|============================================================ | 86%
|
|============================================================= | 87%
|
|============================================================== | 88%
|
|============================================================== | 89%
|
|=============================================================== | 90%
|
|=============================================================== | 91%
|
|================================================================ | 91%
|
|================================================================= | 92%
|
|================================================================= | 93%
|
|================================================================== | 94%
|
|================================================================== | 95%
|
|=================================================================== | 96%
|
|==================================================================== | 97%
|
|===================================================================== | 98%
|
|===================================================================== | 99%
|
|======================================================================| 100%
Calculating node intensities...
|
| | 0%
|
| | 1%
|
|= | 1%
|
|= | 2%
|
|== | 2%
|
|== | 3%
|
|== | 4%
|
|=== | 4%
|
|=== | 5%
|
|==== | 5%
|
|==== | 6%
|
|===== | 7%
|
|===== | 8%
|
|====== | 8%
|
|====== | 9%
|
|======= | 9%
|
|======= | 10%
|
|======= | 11%
|
|======== | 11%
|
|======== | 12%
|
|========= | 12%
|
|========= | 13%
|
|========== | 14%
|
|========== | 15%
|
|=========== | 15%
|
|=========== | 16%
|
|============ | 17%
|
|============ | 18%
|
|============= | 18%
|
|============= | 19%
|
|============== | 20%
|
|============== | 21%
|
|=============== | 21%
|
|=============== | 22%
|
|================ | 22%
|
|================ | 23%
|
|================= | 24%
|
|================= | 25%
|
|================== | 25%
|
|================== | 26%
|
|=================== | 27%
|
|=================== | 28%
|
|==================== | 28%
|
|==================== | 29%
|
|===================== | 29%
|
|===================== | 30%
|
|====================== | 31%
|
|====================== | 32%
|
|======================= | 32%
|
|======================= | 33%
|
|======================== | 34%
|
|======================== | 35%
|
|========================= | 35%
|
|========================= | 36%
|
|========================== | 37%
|
|========================== | 38%
|
|=========================== | 38%
|
|=========================== | 39%
|
|============================ | 39%
|
|============================ | 40%
|
|============================ | 41%
|
|============================= | 41%
|
|============================= | 42%
|
|============================== | 42%
|
|============================== | 43%
|
|=============================== | 44%
|
|=============================== | 45%
|
|================================ | 45%
|
|================================ | 46%
|
|================================= | 46%
|
|================================= | 47%
|
|================================= | 48%
|
|================================== | 48%
|
|================================== | 49%
|
|=================================== | 49%
|
|=================================== | 50%
|
|=================================== | 51%
|
|==================================== | 51%
|
|==================================== | 52%
|
|===================================== | 52%
|
|===================================== | 53%
|
|===================================== | 54%
|
|====================================== | 54%
|
|====================================== | 55%
|
|======================================= | 55%
|
|======================================= | 56%
|
|======================================== | 57%
|
|======================================== | 58%
|
|========================================= | 58%
|
|========================================= | 59%
|
|========================================== | 59%
|
|========================================== | 60%
|
|========================================== | 61%
|
|=========================================== | 61%
|
|=========================================== | 62%
|
|============================================ | 62%
|
|============================================ | 63%
|
|============================================= | 64%
|
|============================================= | 65%
|
|============================================== | 65%
|
|============================================== | 66%
|
|=============================================== | 67%
|
|=============================================== | 68%
|
|================================================ | 68%
|
|================================================ | 69%
|
|================================================= | 70%
|
|================================================= | 71%
|
|================================================== | 71%
|
|================================================== | 72%
|
|=================================================== | 72%
|
|=================================================== | 73%
|
|==================================================== | 74%
|
|==================================================== | 75%
|
|===================================================== | 75%
|
|===================================================== | 76%
|
|====================================================== | 77%
|
|====================================================== | 78%
|
|======================================================= | 78%
|
|======================================================= | 79%
|
|======================================================== | 79%
|
|======================================================== | 80%
|
|========================================================= | 81%
|
|========================================================= | 82%
|
|========================================================== | 82%
|
|========================================================== | 83%
|
|=========================================================== | 84%
|
|=========================================================== | 85%
|
|============================================================ | 85%
|
|============================================================ | 86%
|
|============================================================= | 87%
|
|============================================================= | 88%
|
|============================================================== | 88%
|
|============================================================== | 89%
|
|=============================================================== | 89%
|
|=============================================================== | 90%
|
|=============================================================== | 91%
|
|================================================================ | 91%
|
|================================================================ | 92%
|
|================================================================= | 92%
|
|================================================================= | 93%
|
|================================================================== | 94%
|
|================================================================== | 95%
|
|=================================================================== | 95%
|
|=================================================================== | 96%
|
|==================================================================== | 96%
|
|==================================================================== | 97%
|
|==================================================================== | 98%
|
|===================================================================== | 98%
|
|===================================================================== | 99%
|
|======================================================================| 99%
|
|======================================================================| 100%
This graph was created by an old(er) igraph version.
i Call `igraph::upgrade_graph()` on it to use with the current igraph version.
For now we convert it on the fly...
This graph was created by an old(er) igraph version.
i Call `igraph::upgrade_graph()` on it to use with the current igraph version.
For now we convert it on the fly...
Calculating edge intensities with event error distance of 5...
|
| | 0%
|
|= | 1%
|
|= | 2%
|
|== | 3%
|
|=== | 4%
|
|==== | 5%
|
|==== | 6%
|
|===== | 7%
|
|===== | 8%
|
|====== | 9%
|
|======= | 9%
|
|======= | 10%
|
|======== | 11%
|
|======== | 12%
|
|========= | 13%
|
|========== | 14%
|
|========== | 15%
|
|=========== | 16%
|
|============ | 17%
|
|============= | 18%
|
|============= | 19%
|
|============== | 20%
|
|============== | 21%
|
|=============== | 22%
|
|================ | 22%
|
|================ | 23%
|
|================= | 24%
|
|================== | 25%
|
|================== | 26%
|
|=================== | 27%
|
|=================== | 28%
|
|==================== | 28%
|
|===================== | 29%
|
|===================== | 30%
|
|====================== | 31%
|
|====================== | 32%
|
|======================= | 33%
|
|======================== | 34%
|
|========================= | 35%
|
|========================= | 36%
|
|========================== | 37%
|
|=========================== | 38%
|
|=========================== | 39%
|
|============================ | 40%
|
|============================ | 41%
|
|============================= | 41%
|
|============================== | 42%
|
|============================== | 43%
|
|=============================== | 44%
|
|=============================== | 45%
|
|================================ | 46%
|
|================================= | 47%
|
|================================== | 48%
|
|================================== | 49%
|
|=================================== | 50%
|
|==================================== | 51%
|
|==================================== | 52%
|
|===================================== | 53%
|
|====================================== | 54%
|
|======================================= | 55%
|
|======================================= | 56%
|
|======================================== | 57%
|
|======================================== | 58%
|
|========================================= | 59%
|
|========================================== | 59%
|
|========================================== | 60%
|
|=========================================== | 61%
|
|=========================================== | 62%
|
|============================================ | 63%
|
|============================================= | 64%
|
|============================================= | 65%
|
|============================================== | 66%
|
|=============================================== | 67%
|
|================================================ | 68%
|
|================================================ | 69%
|
|================================================= | 70%
|
|================================================= | 71%
|
|================================================== | 72%
|
|=================================================== | 72%
|
|=================================================== | 73%
|
|==================================================== | 74%
|
|==================================================== | 75%
|
|===================================================== | 76%
|
|====================================================== | 77%
|
|====================================================== | 78%
|
|======================================================= | 78%
|
|======================================================== | 79%
|
|======================================================== | 80%
|
|========================================================= | 81%
|
|========================================================= | 82%
|
|========================================================== | 83%
|
|=========================================================== | 84%
|
|============================================================ | 85%
|
|============================================================ | 86%
|
|============================================================= | 87%
|
|============================================================== | 88%
|
|============================================================== | 89%
|
|=============================================================== | 90%
|
|=============================================================== | 91%
|
|================================================================ | 91%
|
|================================================================= | 92%
|
|================================================================= | 93%
|
|================================================================== | 94%
|
|================================================================== | 95%
|
|=================================================================== | 96%
|
|==================================================================== | 97%
|
|===================================================================== | 98%
|
|===================================================================== | 99%
|
|======================================================================| 100%
Calculating node intensities...
|
| | 0%
|
| | 1%
|
|= | 1%
|
|= | 2%
|
|== | 2%
|
|== | 3%
|
|== | 4%
|
|=== | 4%
|
|=== | 5%
|
|==== | 5%
|
|==== | 6%
|
|===== | 7%
|
|===== | 8%
|
|====== | 8%
|
|====== | 9%
|
|======= | 9%
|
|======= | 10%
|
|======= | 11%
|
|======== | 11%
|
|======== | 12%
|
|========= | 12%
|
|========= | 13%
|
|========== | 14%
|
|========== | 15%
|
|=========== | 15%
|
|=========== | 16%
|
|============ | 17%
|
|============ | 18%
|
|============= | 18%
|
|============= | 19%
|
|============== | 20%
|
|============== | 21%
|
|=============== | 21%
|
|=============== | 22%
|
|================ | 22%
|
|================ | 23%
|
|================= | 24%
|
|================= | 25%
|
|================== | 25%
|
|================== | 26%
|
|=================== | 27%
|
|=================== | 28%
|
|==================== | 28%
|
|==================== | 29%
|
|===================== | 29%
|
|===================== | 30%
|
|====================== | 31%
|
|====================== | 32%
|
|======================= | 32%
|
|======================= | 33%
|
|======================== | 34%
|
|======================== | 35%
|
|========================= | 35%
|
|========================= | 36%
|
|========================== | 37%
|
|========================== | 38%
|
|=========================== | 38%
|
|=========================== | 39%
|
|============================ | 39%
|
|============================ | 40%
|
|============================ | 41%
|
|============================= | 41%
|
|============================= | 42%
|
|============================== | 42%
|
|============================== | 43%
|
|=============================== | 44%
|
|=============================== | 45%
|
|================================ | 45%
|
|================================ | 46%
|
|================================= | 46%
|
|================================= | 47%
|
|================================= | 48%
|
|================================== | 48%
|
|================================== | 49%
|
|=================================== | 49%
|
|=================================== | 50%
|
|=================================== | 51%
|
|==================================== | 51%
|
|==================================== | 52%
|
|===================================== | 52%
|
|===================================== | 53%
|
|===================================== | 54%
|
|====================================== | 54%
|
|====================================== | 55%
|
|======================================= | 55%
|
|======================================= | 56%
|
|======================================== | 57%
|
|======================================== | 58%
|
|========================================= | 58%
|
|========================================= | 59%
|
|========================================== | 59%
|
|========================================== | 60%
|
|========================================== | 61%
|
|=========================================== | 61%
|
|=========================================== | 62%
|
|============================================ | 62%
|
|============================================ | 63%
|
|============================================= | 64%
|
|============================================= | 65%
|
|============================================== | 65%
|
|============================================== | 66%
|
|=============================================== | 67%
|
|=============================================== | 68%
|
|================================================ | 68%
|
|================================================ | 69%
|
|================================================= | 70%
|
|================================================= | 71%
|
|================================================== | 71%
|
|================================================== | 72%
|
|=================================================== | 72%
|
|=================================================== | 73%
|
|==================================================== | 74%
|
|==================================================== | 75%
|
|===================================================== | 75%
|
|===================================================== | 76%
|
|====================================================== | 77%
|
|====================================================== | 78%
|
|======================================================= | 78%
|
|======================================================= | 79%
|
|======================================================== | 79%
|
|======================================================== | 80%
|
|========================================================= | 81%
|
|========================================================= | 82%
|
|========================================================== | 82%
|
|========================================================== | 83%
|
|=========================================================== | 84%
|
|=========================================================== | 85%
|
|============================================================ | 85%
|
|============================================================ | 86%
|
|============================================================= | 87%
|
|============================================================= | 88%
|
|============================================================== | 88%
|
|============================================================== | 89%
|
|=============================================================== | 89%
|
|=============================================================== | 90%
|
|=============================================================== | 91%
|
|================================================================ | 91%
|
|================================================================ | 92%
|
|================================================================= | 92%
|
|================================================================= | 93%
|
|================================================================== | 94%
|
|================================================================== | 95%
|
|=================================================================== | 95%
|
|=================================================================== | 96%
|
|==================================================================== | 96%
|
|==================================================================== | 97%
|
|==================================================================== | 98%
|
|===================================================================== | 98%
|
|===================================================================== | 99%
|
|======================================================================| 99%
|
|======================================================================| 100%
This graph was created by an old(er) igraph version.
i Call `igraph::upgrade_graph()` on it to use with the current igraph version.
For now we convert it on the fly...
Calculating edge intensities with event error distance of 5...
|
| | 0%
|
|= | 1%
|
|= | 2%
|
|== | 3%
|
|=== | 4%
|
|==== | 5%
|
|==== | 6%
|
|===== | 7%
|
|===== | 8%
|
|====== | 9%
|
|======= | 9%
|
|======= | 10%
|
|======== | 11%
|
|======== | 12%
|
|========= | 13%
|
|========== | 14%
|
|========== | 15%
|
|=========== | 16%
|
|============ | 17%
|
|============= | 18%
|
|============= | 19%
|
|============== | 20%
|
|============== | 21%
|
|=============== | 22%
|
|================ | 22%
|
|================ | 23%
|
|================= | 24%
|
|================== | 25%
|
|================== | 26%
|
|=================== | 27%
|
|=================== | 28%
|
|==================== | 28%
|
|===================== | 29%
|
|===================== | 30%
|
|====================== | 31%
|
|====================== | 32%
|
|======================= | 33%
|
|======================== | 34%
|
|========================= | 35%
|
|========================= | 36%
|
|========================== | 37%
|
|=========================== | 38%
|
|=========================== | 39%
|
|============================ | 40%
|
|============================ | 41%
|
|============================= | 41%
|
|============================== | 42%
|
|============================== | 43%
|
|=============================== | 44%
|
|=============================== | 45%
|
|================================ | 46%
|
|================================= | 47%
|
|================================== | 48%
|
|================================== | 49%
|
|=================================== | 50%
|
|==================================== | 51%
|
|==================================== | 52%
|
|===================================== | 53%
|
|====================================== | 54%
|
|======================================= | 55%
|
|======================================= | 56%
|
|======================================== | 57%
|
|======================================== | 58%
|
|========================================= | 59%
|
|========================================== | 59%
|
|========================================== | 60%
|
|=========================================== | 61%
|
|=========================================== | 62%
|
|============================================ | 63%
|
|============================================= | 64%
|
|============================================= | 65%
|
|============================================== | 66%
|
|=============================================== | 67%
|
|================================================ | 68%
|
|================================================ | 69%
|
|================================================= | 70%
|
|================================================= | 71%
|
|================================================== | 72%
|
|=================================================== | 72%
|
|=================================================== | 73%
|
|==================================================== | 74%
|
|==================================================== | 75%
|
|===================================================== | 76%
|
|====================================================== | 77%
|
|====================================================== | 78%
|
|======================================================= | 78%
|
|======================================================== | 79%
|
|======================================================== | 80%
|
|========================================================= | 81%
|
|========================================================= | 82%
|
|========================================================== | 83%
|
|=========================================================== | 84%
|
|============================================================ | 85%
|
|============================================================ | 86%
|
|============================================================= | 87%
|
|============================================================== | 88%
|
|============================================================== | 89%
|
|=============================================================== | 90%
|
|=============================================================== | 91%
|
|================================================================ | 91%
|
|================================================================= | 92%
|
|================================================================= | 93%
|
|================================================================== | 94%
|
|================================================================== | 95%
|
|=================================================================== | 96%
|
|==================================================================== | 97%
|
|===================================================================== | 98%
|
|===================================================================== | 99%
|
|======================================================================| 100%
Calculating node intensities...
|
| | 0%
|
| | 1%
|
|= | 1%
|
|= | 2%
|
|== | 2%
|
|== | 3%
|
|== | 4%
|
|=== | 4%
|
|=== | 5%
|
|==== | 5%
|
|==== | 6%
|
|===== | 7%
|
|===== | 8%
|
|====== | 8%
|
|====== | 9%
|
|======= | 9%
|
|======= | 10%
|
|======= | 11%
|
|======== | 11%
|
|======== | 12%
|
|========= | 12%
|
|========= | 13%
|
|========== | 14%
|
|========== | 15%
|
|=========== | 15%
|
|=========== | 16%
|
|============ | 17%
|
|============ | 18%
|
|============= | 18%
|
|============= | 19%
|
|============== | 20%
|
|============== | 21%
|
|=============== | 21%
|
|=============== | 22%
|
|================ | 22%
|
|================ | 23%
|
|================= | 24%
|
|================= | 25%
|
|================== | 25%
|
|================== | 26%
|
|=================== | 27%
|
|=================== | 28%
|
|==================== | 28%
|
|==================== | 29%
|
|===================== | 29%
|
|===================== | 30%
|
|====================== | 31%
|
|====================== | 32%
|
|======================= | 32%
|
|======================= | 33%
|
|======================== | 34%
|
|======================== | 35%
|
|========================= | 35%
|
|========================= | 36%
|
|========================== | 37%
|
|========================== | 38%
|
|=========================== | 38%
|
|=========================== | 39%
|
|============================ | 39%
|
|============================ | 40%
|
|============================ | 41%
|
|============================= | 41%
|
|============================= | 42%
|
|============================== | 42%
|
|============================== | 43%
|
|=============================== | 44%
|
|=============================== | 45%
|
|================================ | 45%
|
|================================ | 46%
|
|================================= | 46%
|
|================================= | 47%
|
|================================= | 48%
|
|================================== | 48%
|
|================================== | 49%
|
|=================================== | 49%
|
|=================================== | 50%
|
|=================================== | 51%
|
|==================================== | 51%
|
|==================================== | 52%
|
|===================================== | 52%
|
|===================================== | 53%
|
|===================================== | 54%
|
|====================================== | 54%
|
|====================================== | 55%
|
|======================================= | 55%
|
|======================================= | 56%
|
|======================================== | 57%
|
|======================================== | 58%
|
|========================================= | 58%
|
|========================================= | 59%
|
|========================================== | 59%
|
|========================================== | 60%
|
|========================================== | 61%
|
|=========================================== | 61%
|
|=========================================== | 62%
|
|============================================ | 62%
|
|============================================ | 63%
|
|============================================= | 64%
|
|============================================= | 65%
|
|============================================== | 65%
|
|============================================== | 66%
|
|=============================================== | 67%
|
|=============================================== | 68%
|
|================================================ | 68%
|
|================================================ | 69%
|
|================================================= | 70%
|
|================================================= | 71%
|
|================================================== | 71%
|
|================================================== | 72%
|
|=================================================== | 72%
|
|=================================================== | 73%
|
|==================================================== | 74%
|
|==================================================== | 75%
|
|===================================================== | 75%
|
|===================================================== | 76%
|
|====================================================== | 77%
|
|====================================================== | 78%
|
|======================================================= | 78%
|
|======================================================= | 79%
|
|======================================================== | 79%
|
|======================================================== | 80%
|
|========================================================= | 81%
|
|========================================================= | 82%
|
|========================================================== | 82%
|
|========================================================== | 83%
|
|=========================================================== | 84%
|
|=========================================================== | 85%
|
|============================================================ | 85%
|
|============================================================ | 86%
|
|============================================================= | 87%
|
|============================================================= | 88%
|
|============================================================== | 88%
|
|============================================================== | 89%
|
|=============================================================== | 89%
|
|=============================================================== | 90%
|
|=============================================================== | 91%
|
|================================================================ | 91%
|
|================================================================ | 92%
|
|================================================================= | 92%
|
|================================================================= | 93%
|
|================================================================== | 94%
|
|================================================================== | 95%
|
|=================================================================== | 95%
|
|=================================================================== | 96%
|
|==================================================================== | 96%
|
|==================================================================== | 97%
|
|==================================================================== | 98%
|
|===================================================================== | 98%
|
|===================================================================== | 99%
|
|======================================================================| 99%
|
|======================================================================| 100%
This graph was created by an old(er) igraph version.
i Call `igraph::upgrade_graph()` on it to use with the current igraph version.
For now we convert it on the fly...
[ FAIL 9 | WARN 3031 | SKIP 0 | PASS 10 ]
══ Failed tests ════════════════════════════════════════════════════════════════
── Error ('test-directed.R:43:3'): Node local moran i ──────────────────────────
Error in `dyn.load(file, DLLpath = DLLpath, ...)`: unable to load shared object '/data/gannet/ripley/R/test-clang/sf/libs/sf.so':
libhdf5.so.200: cannot open shared object file: No such file or directory
Backtrace:
▆
1. ├─intensitynet::NodeLocalCorrelation(...) at test-directed.R:43:3
2. ├─intensitynet:::NodeLocalCorrelation.intensitynet(...)
3. └─base::loadNamespace(x)
4. ├─base::namespaceImport(...)
5. └─base::loadNamespace(i, c(lib.loc, .libPaths()), versionCheck = vI[[i]])
6. └─base::library.dynam(lib, package, package.lib)
7. └─base::dyn.load(file, DLLpath = DLLpath, ...)
── Error ('test-directed.R:56:3'): Node local geary c ──────────────────────────
Error in `dyn.load(file, DLLpath = DLLpath, ...)`: unable to load shared object '/data/gannet/ripley/R/test-clang/sf/libs/sf.so':
libhdf5.so.200: cannot open shared object file: No such file or directory
Backtrace:
▆
1. ├─intensitynet::NodeLocalCorrelation(...) at test-directed.R:56:3
2. ├─intensitynet:::NodeLocalCorrelation.intensitynet(...)
3. └─base::loadNamespace(x)
4. ├─base::namespaceImport(...)
5. └─base::loadNamespace(i, c(lib.loc, .libPaths()), versionCheck = vI[[i]])
6. └─base::library.dynam(lib, package, package.lib)
7. └─base::dyn.load(file, DLLpath = DLLpath, ...)
── Error ('test-directed.R:70:3'): Node local getis g ──────────────────────────
Error in `dyn.load(file, DLLpath = DLLpath, ...)`: unable to load shared object '/data/gannet/ripley/R/test-clang/sf/libs/sf.so':
libhdf5.so.200: cannot open shared object file: No such file or directory
Backtrace:
▆
1. ├─intensitynet::NodeLocalCorrelation(...) at test-directed.R:70:3
2. ├─intensitynet:::NodeLocalCorrelation.intensitynet(...)
3. └─base::loadNamespace(x)
4. ├─base::namespaceImport(...)
5. └─base::loadNamespace(i, c(lib.loc, .libPaths()), versionCheck = vI[[i]])
6. └─base::library.dynam(lib, package, package.lib)
7. └─base::dyn.load(file, DLLpath = DLLpath, ...)
── Error ('test-mixed.R:44:3'): Node local moran i ─────────────────────────────
Error in `dyn.load(file, DLLpath = DLLpath, ...)`: unable to load shared object '/data/gannet/ripley/R/test-clang/sf/libs/sf.so':
libhdf5.so.200: cannot open shared object file: No such file or directory
Backtrace:
▆
1. ├─intensitynet::NodeLocalCorrelation(...) at test-mixed.R:44:3
2. ├─intensitynet:::NodeLocalCorrelation.intensitynet(...)
3. └─base::loadNamespace(x)
4. ├─base::namespaceImport(...)
5. └─base::loadNamespace(i, c(lib.loc, .libPaths()), versionCheck = vI[[i]])
6. └─base::library.dynam(lib, package, package.lib)
7. └─base::dyn.load(file, DLLpath = DLLpath, ...)
── Error ('test-mixed.R:57:3'): Node local geary c ─────────────────────────────
Error in `dyn.load(file, DLLpath = DLLpath, ...)`: unable to load shared object '/data/gannet/ripley/R/test-clang/sf/libs/sf.so':
libhdf5.so.200: cannot open shared object file: No such file or directory
Backtrace:
▆
1. ├─intensitynet::NodeLocalCorrelation(...) at test-mixed.R:57:3
2. ├─intensitynet:::NodeLocalCorrelation.intensitynet(...)
3. └─base::loadNamespace(x)
4. ├─base::namespaceImport(...)
5. └─base::loadNamespace(i, c(lib.loc, .libPaths()), versionCheck = vI[[i]])
6. └─base::library.dynam(lib, package, package.lib)
7. └─base::dyn.load(file, DLLpath = DLLpath, ...)
── Error ('test-mixed.R:70:3'): Node local getis g ─────────────────────────────
Error in `dyn.load(file, DLLpath = DLLpath, ...)`: unable to load shared object '/data/gannet/ripley/R/test-clang/sf/libs/sf.so':
libhdf5.so.200: cannot open shared object file: No such file or directory
Backtrace:
▆
1. ├─intensitynet::NodeLocalCorrelation(...) at test-mixed.R:70:3
2. ├─intensitynet:::NodeLocalCorrelation.intensitynet(...)
3. └─base::loadNamespace(x)
4. ├─base::namespaceImport(...)
5. └─base::loadNamespace(i, c(lib.loc, .libPaths()), versionCheck = vI[[i]])
6. └─base::library.dynam(lib, package, package.lib)
7. └─base::dyn.load(file, DLLpath = DLLpath, ...)
── Error ('test-undirected.R:43:3'): Node local moran i ────────────────────────
Error in `dyn.load(file, DLLpath = DLLpath, ...)`: unable to load shared object '/data/gannet/ripley/R/test-clang/sf/libs/sf.so':
libhdf5.so.200: cannot open shared object file: No such file or directory
Backtrace:
▆
1. ├─intensitynet::NodeLocalCorrelation(...) at test-undirected.R:43:3
2. ├─intensitynet:::NodeLocalCorrelation.intensitynet(...)
3. └─base::loadNamespace(x)
4. ├─base::namespaceImport(...)
5. └─base::loadNamespace(i, c(lib.loc, .libPaths()), versionCheck = vI[[i]])
6. └─base::library.dynam(lib, package, package.lib)
7. └─base::dyn.load(file, DLLpath = DLLpath, ...)
── Error ('test-undirected.R:55:3'): Node local geary c ────────────────────────
Error in `dyn.load(file, DLLpath = DLLpath, ...)`: unable to load shared object '/data/gannet/ripley/R/test-clang/sf/libs/sf.so':
libhdf5.so.200: cannot open shared object file: No such file or directory
Backtrace:
▆
1. ├─intensitynet::NodeLocalCorrelation(...) at test-undirected.R:55:3
2. ├─intensitynet:::NodeLocalCorrelation.intensitynet(...)
3. └─base::loadNamespace(x)
4. ├─base::namespaceImport(...)
5. └─base::loadNamespace(i, c(lib.loc, .libPaths()), versionCheck = vI[[i]])
6. └─base::library.dynam(lib, package, package.lib)
7. └─base::dyn.load(file, DLLpath = DLLpath, ...)
── Error ('test-undirected.R:67:3'): Node local getis g ────────────────────────
Error in `dyn.load(file, DLLpath = DLLpath, ...)`: unable to load shared object '/data/gannet/ripley/R/test-clang/sf/libs/sf.so':
libhdf5.so.200: cannot open shared object file: No such file or directory
Backtrace:
▆
1. ├─intensitynet::NodeLocalCorrelation(...) at test-undirected.R:67:3
2. ├─intensitynet:::NodeLocalCorrelation.intensitynet(...)
3. └─base::loadNamespace(x)
4. ├─base::namespaceImport(...)
5. └─base::loadNamespace(i, c(lib.loc, .libPaths()), versionCheck = vI[[i]])
6. └─base::library.dynam(lib, package, package.lib)
7. └─base::dyn.load(file, DLLpath = DLLpath, ...)
[ FAIL 9 | WARN 3031 | SKIP 0 | PASS 10 ]
Error: Test failures
Execution halted
Flavor: r-devel-linux-x86_64-fedora-clang