CRAN Package Check Results for Package intRegGOF

Last updated on 2025-07-13 18:52:46 CEST.

Flavor Version Tinstall Tcheck Ttotal Status Flags
r-devel-linux-x86_64-debian-clang 0.85-5 1.77 21.78 23.55 NOTE
r-devel-linux-x86_64-debian-gcc 0.85-5 1.47 17.89 19.36 NOTE
r-devel-linux-x86_64-fedora-clang 0.85-5 36.56 OK
r-devel-linux-x86_64-fedora-gcc 0.85-5 33.69 OK
r-devel-windows-x86_64 0.85-5 3.00 49.00 52.00 OK
r-patched-linux-x86_64 0.85-5 2.03 20.61 22.64 OK
r-release-linux-x86_64 0.85-5 2.09 20.55 22.64 OK
r-release-macos-arm64 0.85-5 17.00 OK
r-release-macos-x86_64 0.85-5 34.00 OK
r-release-windows-x86_64 0.85-5 2.00 51.00 53.00 OK
r-oldrel-macos-arm64 0.85-5 17.00 OK
r-oldrel-macos-x86_64 0.85-5 23.00 OK
r-oldrel-windows-x86_64 0.85-5 3.00 48.00 51.00 OK

Check Details

Version: 0.85-5
Check: CRAN incoming feasibility
Result: NOTE Maintainer: ‘Jorge Luis Ojeda Cabrera <jojeda@unizar.es>’ No Authors@R field in DESCRIPTION. Please add one, modifying Authors@R: person(given = c("Jorge", "Luis", "Ojeda"), family = "Cabrera", role = c("aut", "cre"), email = "jojeda@unizar.es") as necessary. Flavors: r-devel-linux-x86_64-debian-clang, r-devel-linux-x86_64-debian-gcc

mirror server hosted at Truenetwork, Russian Federation.