CRAN Package Check Results for Package inspector

Last updated on 2025-11-28 12:48:40 CET.

Flavor Version Tinstall Tcheck Ttotal Status Flags
r-devel-linux-x86_64-debian-clang 1.0.3 2.30 34.40 36.70 NOTE
r-devel-linux-x86_64-debian-gcc 1.0.3 1.67 26.50 28.17 NOTE
r-devel-linux-x86_64-fedora-clang 1.0.3 53.63 OK
r-devel-linux-x86_64-fedora-gcc 1.0.3 47.98 OK
r-devel-windows-x86_64 1.0.3 5.00 54.00 59.00 OK
r-patched-linux-x86_64 1.0.3 3.22 30.19 33.41 OK
r-release-linux-x86_64 1.0.3 2.15 30.27 32.42 OK
r-release-macos-arm64 1.0.3 OK
r-release-macos-x86_64 1.0.3 2.00 39.00 41.00 OK
r-release-windows-x86_64 1.0.3 4.00 53.00 57.00 OK
r-oldrel-macos-arm64 1.0.3 OK
r-oldrel-macos-x86_64 1.0.3 2.00 25.00 27.00 OK
r-oldrel-windows-x86_64 1.0.3 5.00 62.00 67.00 OK

Check Details

Version: 1.0.3
Check: CRAN incoming feasibility
Result: NOTE Maintainer: ‘Pedro Fonseca <pedro.teles.fonseca@phd.iseg.ulisboa.pt>’ Package CITATION file contains call(s) to old-style citEntry(). Please use bibentry() instead. Flavors: r-devel-linux-x86_64-debian-clang, r-devel-linux-x86_64-debian-gcc

mirror server hosted at Truenetwork, Russian Federation.