CRAN Package Check Results for Package inpdfr

Last updated on 2025-11-04 11:52:33 CET.

Flavor Version Tinstall Tcheck Ttotal Status Flags
r-devel-linux-x86_64-debian-clang 0.1.12 8.04 70.41 78.45 NOTE
r-devel-linux-x86_64-debian-gcc 0.1.12 5.46 50.53 55.99 NOTE
r-devel-linux-x86_64-fedora-clang 0.1.12 33.00 95.49 128.49 OK
r-devel-linux-x86_64-fedora-gcc 0.1.12 16.00 108.92 124.92 OK
r-devel-windows-x86_64 0.1.12 11.00 90.00 101.00 OK
r-patched-linux-x86_64 0.1.12 7.73 66.87 74.60 OK
r-release-linux-x86_64 0.1.12 7.58 65.94 73.52 OK
r-release-macos-arm64 0.1.12 4.00 88.00 92.00 OK
r-release-macos-x86_64 0.1.12 5.00 62.00 67.00 OK
r-release-windows-x86_64 0.1.12 11.00 90.00 101.00 OK
r-oldrel-macos-arm64 0.1.12 3.00 35.00 38.00 OK
r-oldrel-macos-x86_64 0.1.12 4.00 49.00 53.00 OK
r-oldrel-windows-x86_64 0.1.12 13.00 111.00 124.00 OK

Check Details

Version: 0.1.12
Check: CRAN incoming feasibility
Result: NOTE Maintainer: ‘Rebaudo Francois <francois.rebaudo@ird.fr>’ No Authors@R field in DESCRIPTION. Please add one, modifying Authors@R: person(given = "Rebaudo", family = "Francois", role = c("aut", "cre"), email = "francois.rebaudo@ird.fr", comment = "IRD, UMR EGCE, IRD, CNRS, Univ. ParisSaclay") as necessary. Flavors: r-devel-linux-x86_64-debian-clang, r-devel-linux-x86_64-debian-gcc

mirror server hosted at Truenetwork, Russian Federation.