Last updated on 2025-05-23 12:49:30 CEST.
Flavor | Version | Tinstall | Tcheck | Ttotal | Status | Flags |
---|---|---|---|---|---|---|
r-devel-linux-x86_64-debian-clang | 0.14.2 | 3.12 | 30.31 | 33.43 | NOTE | |
r-devel-linux-x86_64-debian-gcc | 0.14.2 | 2.60 | 23.57 | 26.17 | NOTE | |
r-devel-linux-x86_64-fedora-clang | 0.14.2 | 51.35 | OK | |||
r-devel-linux-x86_64-fedora-gcc | 0.14.2 | 48.61 | OK | |||
r-devel-windows-x86_64 | 0.14.2 | 7.00 | 50.00 | 57.00 | OK | |
r-patched-linux-x86_64 | 0.14.2 | 3.11 | 28.05 | 31.16 | OK | |
r-release-linux-x86_64 | 0.14.2 | 3.57 | 27.96 | 31.53 | OK | |
r-release-macos-arm64 | 0.14.2 | 20.00 | OK | |||
r-release-macos-x86_64 | 0.14.2 | 33.00 | OK | |||
r-release-windows-x86_64 | 0.14.2 | 7.00 | 80.00 | 87.00 | OK | |
r-oldrel-macos-arm64 | 0.14.2 | 18.00 | OK | |||
r-oldrel-macos-x86_64 | 0.14.2 | 29.00 | OK | |||
r-oldrel-windows-x86_64 | 0.14.2 | 6.00 | 57.00 | 63.00 | OK |
Version: 0.14.2
Check: CRAN incoming feasibility
Result: NOTE
Maintainer: ‘Dominik Leutnant <leutnant@fh-muenster.de>’
Found the following (possibly) invalid file URI:
URI: CONDUCT.md
From: README.md
Flavors: r-devel-linux-x86_64-debian-clang, r-devel-linux-x86_64-debian-gcc