Last updated on 2025-11-03 17:49:52 CET.
| Flavor | Version | Tinstall | Tcheck | Ttotal | Status | Flags |
|---|---|---|---|---|---|---|
| r-devel-linux-x86_64-debian-clang | 0.1 | 7.62 | 75.67 | 83.29 | NOTE | |
| r-devel-linux-x86_64-debian-gcc | 0.1 | 5.21 | 57.81 | 63.02 | NOTE | |
| r-devel-linux-x86_64-fedora-clang | 0.1 | 36.00 | 95.41 | 131.41 | NOTE | |
| r-devel-linux-x86_64-fedora-gcc | 0.1 | 13.00 | 116.63 | 129.63 | NOTE | |
| r-devel-windows-x86_64 | 0.1 | 10.00 | 85.00 | 95.00 | NOTE | |
| r-patched-linux-x86_64 | 0.1 | 7.57 | 72.23 | 79.80 | NOTE | |
| r-release-linux-x86_64 | 0.1 | 7.08 | 71.48 | 78.56 | NOTE | |
| r-release-macos-arm64 | 0.1 | 4.00 | 45.00 | 49.00 | NOTE | |
| r-release-macos-x86_64 | 0.1 | 7.00 | 72.00 | 79.00 | NOTE | |
| r-release-windows-x86_64 | 0.1 | 9.00 | 83.00 | 92.00 | NOTE | |
| r-oldrel-macos-arm64 | 0.1 | 3.00 | 40.00 | 43.00 | NOTE | |
| r-oldrel-macos-x86_64 | 0.1 | 8.00 | 60.00 | 68.00 | NOTE | |
| r-oldrel-windows-x86_64 | 0.1 | 12.00 | 107.00 | 119.00 | NOTE |
Version: 0.1
Check: Rd files
Result: NOTE
checkRd: (-1) make_likelihood_matrix.Rd:16: Lost braces; missing escapes or markup?
16 | This function creates a matrix such that P[t, s] = P(C = t | I = s) = theta_{t-s} for s <= t and 0 otherwise.
| ^
Flavors: r-devel-linux-x86_64-debian-clang, r-devel-linux-x86_64-debian-gcc, r-devel-linux-x86_64-fedora-clang, r-devel-linux-x86_64-fedora-gcc, r-devel-windows-x86_64, r-patched-linux-x86_64, r-release-linux-x86_64, r-release-macos-arm64, r-release-macos-x86_64, r-release-windows-x86_64, r-oldrel-macos-arm64, r-oldrel-macos-x86_64, r-oldrel-windows-x86_64