CRAN Package Check Results for Package incase

Last updated on 2025-05-28 00:49:03 CEST.

Flavor Version Tinstall Tcheck Ttotal Status Flags
r-devel-linux-x86_64-debian-clang 0.3.2 2.38 32.62 35.00 NOTE
r-devel-linux-x86_64-debian-gcc 0.3.2 2.16 24.70 26.86 NOTE
r-devel-linux-x86_64-fedora-clang 0.3.2 53.27 OK
r-devel-linux-x86_64-fedora-gcc 0.3.2 47.98 OK
r-devel-windows-x86_64 0.3.2 4.00 53.00 57.00 NOTE
r-patched-linux-x86_64 0.3.2 3.22 29.96 33.18 NOTE
r-release-linux-x86_64 0.3.2 2.86 30.31 33.17 NOTE
r-release-macos-arm64 0.3.2 21.00 OK
r-release-macos-x86_64 0.3.2 33.00 OK
r-release-windows-x86_64 0.3.2 4.00 53.00 57.00 NOTE
r-oldrel-macos-arm64 0.3.2 20.00 OK
r-oldrel-macos-x86_64 0.3.2 29.00 OK
r-oldrel-windows-x86_64 0.3.2 5.00 59.00 64.00 OK

Check Details

Version: 0.3.2
Check: Rd cross-references
Result: NOTE Found the following Rd file(s) with Rd \link{} targets missing package anchors: if_case.Rd: magrittr Please provide package anchors for all Rd \link{} targets not in the package itself and the base packages. Flavors: r-devel-linux-x86_64-debian-clang, r-devel-linux-x86_64-debian-gcc, r-devel-windows-x86_64, r-patched-linux-x86_64, r-release-linux-x86_64, r-release-windows-x86_64

mirror server hosted at Truenetwork, Russian Federation.