Last updated on 2025-11-03 11:49:44 CET.
| Flavor | Version | Tinstall | Tcheck | Ttotal | Status | Flags |
|---|---|---|---|---|---|---|
| r-devel-linux-x86_64-debian-clang | 1.0.0 | 489.16 | 193.89 | 683.05 | NOTE | |
| r-devel-linux-x86_64-debian-gcc | 1.0.0 | 437.24 | 176.56 | 613.80 | NOTE | |
| r-devel-linux-x86_64-fedora-clang | 1.0.0 | 2100.00 | -951.29 | 1148.71 | NOTE | |
| r-devel-linux-x86_64-fedora-gcc | 1.0.0 | 1500.00 | -85.64 | 1414.36 | NOTE | |
| r-devel-windows-x86_64 | 1.0.0 | 577.00 | 244.00 | 821.00 | NOTE | |
| r-patched-linux-x86_64 | 1.0.0 | 572.68 | 237.32 | 810.00 | NOTE | |
| r-release-linux-x86_64 | 1.0.0 | 581.20 | 239.14 | 820.34 | NOTE | |
| r-release-macos-arm64 | 1.0.0 | 213.00 | 73.00 | 286.00 | NOTE | |
| r-release-macos-x86_64 | 1.0.0 | 188.00 | 154.00 | 342.00 | NOTE | |
| r-release-windows-x86_64 | 1.0.0 | 568.00 | 237.00 | 805.00 | NOTE | |
| r-oldrel-macos-arm64 | 1.0.0 | 104.00 | 44.00 | 148.00 | NOTE | |
| r-oldrel-macos-x86_64 | 1.0.0 | 72.00 | 75.00 | 147.00 | NOTE | |
| r-oldrel-windows-x86_64 | 1.0.0 | 646.00 | 312.00 | 958.00 | NOTE |
Version: 1.0.0
Check: DESCRIPTION meta-information
Result: NOTE
Missing dependency on R >= 4.1.0 because package code uses the pipe
|> or function shorthand \(...) syntax added in R 4.1.0.
File(s) using such syntax:
‘blm.R’ ‘checkBaseline.R’ ‘cleaning.R’ ‘countMissing.R’
‘getStanParameter.R’ ‘logit.R’ ‘negativeBionomial.R’
Flavors: r-devel-linux-x86_64-debian-clang, r-devel-linux-x86_64-debian-gcc, r-devel-linux-x86_64-fedora-clang, r-devel-linux-x86_64-fedora-gcc, r-devel-windows-x86_64, r-patched-linux-x86_64, r-release-linux-x86_64, r-release-macos-arm64, r-release-macos-x86_64, r-release-windows-x86_64
Version: 1.0.0
Check: installed package size
Result: NOTE
installed size is 93.2Mb
sub-directories of 1Mb or more:
libs 92.5Mb
Flavors: r-oldrel-macos-arm64, r-oldrel-macos-x86_64, r-oldrel-windows-x86_64
Version: 1.0.0
Check: for GNU extensions in Makefiles
Result: NOTE
GNU make is a SystemRequirements.
Flavors: r-oldrel-macos-arm64, r-oldrel-macos-x86_64, r-oldrel-windows-x86_64