Last updated on 2025-05-27 18:49:52 CEST.
Flavor | Version | Tinstall | Tcheck | Ttotal | Status | Flags |
---|---|---|---|---|---|---|
r-devel-linux-x86_64-debian-clang | 3.3 | 23.48 | 155.30 | 178.78 | NOTE | |
r-devel-linux-x86_64-debian-gcc | 3.3 | 19.58 | 111.42 | 131.00 | NOTE | |
r-devel-linux-x86_64-fedora-clang | 3.3 | 303.51 | OK | |||
r-devel-linux-x86_64-fedora-gcc | 3.3 | 294.98 | OK | |||
r-devel-windows-x86_64 | 3.3 | 32.00 | 200.00 | 232.00 | OK | |
r-patched-linux-x86_64 | 3.3 | 26.30 | 151.70 | 178.00 | OK | |
r-release-linux-x86_64 | 3.3 | 24.50 | 153.19 | 177.69 | OK | |
r-release-macos-arm64 | 3.3 | 135.00 | OK | |||
r-release-macos-x86_64 | 3.3 | 166.00 | OK | |||
r-release-windows-x86_64 | 3.3 | 31.00 | 199.00 | 230.00 | OK | |
r-oldrel-macos-arm64 | 3.3 | 87.00 | OK | |||
r-oldrel-macos-x86_64 | 3.3 | 125.00 | OK | |||
r-oldrel-windows-x86_64 | 3.3 | 38.00 | 247.00 | 285.00 | OK |
Version: 3.3
Check: CRAN incoming feasibility
Result: NOTE
Maintainer: ‘Steffen Moritz <steffen.moritz10@gmail.com>’
Package CITATION file contains call(s) to old-style personList() or
as.personList(). Please use c() on person objects instead.
Flavors: r-devel-linux-x86_64-debian-clang, r-devel-linux-x86_64-debian-gcc