CRAN Package Check Results for Package importinegi

Last updated on 2025-10-14 18:50:18 CEST.

Flavor Version Tinstall Tcheck Ttotal Status Flags
r-devel-linux-x86_64-debian-clang 1.2.1 2.99 28.99 31.98 OK
r-devel-linux-x86_64-debian-gcc 1.2.1 2.12 22.52 24.64 OK
r-devel-linux-x86_64-fedora-clang 1.2.1 50.17 NOTE
r-devel-linux-x86_64-fedora-gcc 1.2.1 60.73 NOTE
r-devel-windows-x86_64 1.2.1 4.00 48.00 52.00 OK
r-patched-linux-x86_64 1.2.1 2.83 27.12 29.95 OK
r-release-linux-x86_64 1.2.1 3.01 27.24 30.25 OK
r-release-macos-arm64 1.2.1 24.00 OK
r-release-macos-x86_64 1.2.1 46.00 OK
r-release-windows-x86_64 1.2.1 4.00 50.00 54.00 OK
r-oldrel-macos-arm64 1.2.1 24.00 OK
r-oldrel-macos-x86_64 1.2.1 36.00 OK
r-oldrel-windows-x86_64 1.2.1 6.00 54.00 60.00 OK

Check Details

Version: 1.2.1
Check: dependencies in R code
Result: NOTE Namespaces in Imports field not imported from: ‘data.table’ ‘dplyr’ ‘haven’ All declared Imports should be used. Flavors: r-devel-linux-x86_64-fedora-clang, r-devel-linux-x86_64-fedora-gcc

mirror server hosted at Truenetwork, Russian Federation.