Last updated on 2025-11-03 23:50:20 CET.
| Flavor | Version | Tinstall | Tcheck | Ttotal | Status | Flags | 
|---|---|---|---|---|---|---|
| r-devel-linux-x86_64-debian-clang | 1.2 | 39.56 | 117.23 | 156.79 | NOTE | |
| r-devel-linux-x86_64-debian-gcc | 1.2 | 26.30 | 81.22 | 107.52 | NOTE | |
| r-devel-linux-x86_64-fedora-clang | 1.2 | 84.00 | 169.11 | 253.11 | OK | |
| r-devel-linux-x86_64-fedora-gcc | 1.2 | 93.00 | 141.90 | 234.90 | OK | |
| r-devel-windows-x86_64 | 1.2 | 48.00 | 136.00 | 184.00 | OK | |
| r-patched-linux-x86_64 | 1.2 | 36.54 | 109.66 | 146.20 | OK | |
| r-release-linux-x86_64 | 1.2 | 36.62 | 109.57 | 146.19 | OK | |
| r-release-macos-arm64 | 1.2 | 15.00 | 44.00 | 59.00 | OK | |
| r-release-macos-x86_64 | 1.2 | 20.00 | 79.00 | 99.00 | OK | |
| r-release-windows-x86_64 | 1.2 | 48.00 | 137.00 | 185.00 | OK | |
| r-oldrel-macos-arm64 | 1.2 | 18.00 | 42.00 | 60.00 | OK | |
| r-oldrel-macos-x86_64 | 1.2 | 18.00 | 66.00 | 84.00 | OK | |
| r-oldrel-windows-x86_64 | 1.2 | 59.00 | 171.00 | 230.00 | OK | 
Version: 1.2
Check: CRAN incoming feasibility
Result: NOTE
  Maintainer: ‘Quentin Giai Gianetto <quentin2g@yahoo.fr>’
  
  No Authors@R field in DESCRIPTION.
  Please add one, modifying
    Authors@R: person(given = c("Quentin", "Giai"),
                      family = "Gianetto",
                      role = c("aut", "cre"),
                      email = "quentin2g@yahoo.fr")
  as necessary.
Flavors: r-devel-linux-x86_64-debian-clang, r-devel-linux-x86_64-debian-gcc