Last updated on 2025-07-16 00:49:44 CEST.
Flavor | Version | Tinstall | Tcheck | Ttotal | Status | Flags |
---|---|---|---|---|---|---|
r-devel-linux-x86_64-debian-clang | 1.0.3 | 33.34 | 276.89 | 310.23 | OK | |
r-devel-linux-x86_64-debian-gcc | 1.0.3 | 21.06 | 200.48 | 221.54 | OK | |
r-devel-linux-x86_64-fedora-clang | 1.0.3 | 483.78 | OK | |||
r-devel-linux-x86_64-fedora-gcc | 1.0.3 | 478.12 | OK | |||
r-devel-windows-x86_64 | 1.0.3 | 31.00 | 229.00 | 260.00 | OK | |
r-patched-linux-x86_64 | 1.0.3 | 34.65 | 258.21 | 292.86 | OK | |
r-release-linux-x86_64 | 1.0.3 | 32.27 | 260.41 | 292.68 | OK | |
r-release-macos-arm64 | 1.0.3 | 5.00 | ERROR | |||
r-release-macos-x86_64 | 1.0.3 | 219.00 | OK | |||
r-release-windows-x86_64 | 1.0.3 | 33.00 | 243.00 | 276.00 | OK | |
r-oldrel-macos-arm64 | 1.0.3 | 130.00 | OK | |||
r-oldrel-macos-x86_64 | 1.0.3 | 182.00 | OK | |||
r-oldrel-windows-x86_64 | 1.0.3 | 33.00 | 302.00 | 335.00 | OK |
Version: 1.0.3
Check: package dependencies
Result: ERROR
Package required but not available: ‘org.Hs.eg.db’
See section ‘The DESCRIPTION file’ in the ‘Writing R Extensions’
manual.
Flavor: r-release-macos-arm64