Last updated on 2025-07-10 06:50:22 CEST.
Flavor | Version | Tinstall | Tcheck | Ttotal | Status | Flags |
---|---|---|---|---|---|---|
r-devel-linux-x86_64-debian-clang | 0.1 | 29.75 | 34.31 | 64.06 | NOTE | |
r-devel-linux-x86_64-debian-gcc | 0.1 | 16.22 | 29.42 | 45.64 | NOTE | |
r-devel-linux-x86_64-fedora-clang | 0.1 | 109.33 | NOTE | |||
r-devel-linux-x86_64-fedora-gcc | 0.1 | 83.42 | NOTE | |||
r-devel-windows-x86_64 | 0.1 | 32.00 | 69.00 | 101.00 | NOTE | |
r-patched-linux-x86_64 | 0.1 | 25.11 | 33.13 | 58.24 | NOTE | |
r-release-linux-x86_64 | 0.1 | 22.04 | 33.21 | 55.25 | NOTE | |
r-release-macos-arm64 | 0.1 | 28.00 | NOTE | |||
r-release-macos-x86_64 | 0.1 | 51.00 | NOTE | |||
r-release-windows-x86_64 | 0.1 | 30.00 | 73.00 | 103.00 | NOTE | |
r-oldrel-macos-arm64 | 0.1 | 29.00 | NOTE | |||
r-oldrel-macos-x86_64 | 0.1 | 40.00 | NOTE | |||
r-oldrel-windows-x86_64 | 0.1 | 30.00 | 83.00 | 113.00 | NOTE |
Version: 0.1
Check: C++ specification
Result: NOTE
Specified C++11: please drop specification unless essential
Flavors: r-devel-linux-x86_64-debian-clang, r-devel-linux-x86_64-debian-gcc, r-devel-linux-x86_64-fedora-clang, r-devel-linux-x86_64-fedora-gcc, r-devel-windows-x86_64, r-patched-linux-x86_64, r-release-linux-x86_64, r-release-macos-arm64, r-release-macos-x86_64, r-release-windows-x86_64, r-oldrel-macos-arm64, r-oldrel-macos-x86_64, r-oldrel-windows-x86_64