Last updated on 2025-11-28 12:48:40 CET.
| Flavor | Version | Tinstall | Tcheck | Ttotal | Status | Flags |
|---|---|---|---|---|---|---|
| r-devel-linux-x86_64-debian-clang | 0.1.1 | 12.54 | 51.17 | 63.71 | NOTE | |
| r-devel-linux-x86_64-debian-gcc | 0.1.1 | 7.78 | 36.86 | 44.64 | NOTE | |
| r-devel-linux-x86_64-fedora-clang | 0.1.2 | 67.00 | 41.65 | 108.65 | OK | |
| r-devel-linux-x86_64-fedora-gcc | 0.1.2 | 34.00 | 63.77 | 97.77 | OK | |
| r-devel-windows-x86_64 | 0.1.1 | 22.00 | 78.00 | 100.00 | NOTE | |
| r-patched-linux-x86_64 | 0.1.1 | 11.46 | 47.74 | 59.20 | NOTE | |
| r-release-linux-x86_64 | 0.1.1 | 10.56 | 48.07 | 58.63 | NOTE | |
| r-release-macos-arm64 | 0.1.1 | NOTE | ||||
| r-release-macos-x86_64 | 0.1.2 | 26.00 | 133.00 | 159.00 | OK | |
| r-release-windows-x86_64 | 0.1.1 | 18.00 | 81.00 | 99.00 | NOTE | |
| r-oldrel-macos-arm64 | 0.1.1 | NOTE | ||||
| r-oldrel-macos-x86_64 | 0.1.2 | 29.00 | 98.00 | 127.00 | OK | |
| r-oldrel-windows-x86_64 | 0.1.2 | 21.00 | 99.00 | 120.00 | OK |
Version: 0.1.1
Check: CRAN incoming feasibility
Result: NOTE
Maintainer: ‘Jan Wijffels <jwijffels@bnosac.be>’
Package CITATION file contains call(s) to old-style personList() or
as.personList(). Please use c() on person objects instead.
Package CITATION file contains call(s) to old-style citEntry(). Please
use bibentry() instead.
Flavors: r-devel-linux-x86_64-debian-clang, r-devel-linux-x86_64-debian-gcc
Version: 0.1.1
Check: Rd files
Result: NOTE
checkRd: (-1) image_contour_detector.Rd:19: Lost braces in \itemize; \value handles \item{}{} directly
checkRd: (-1) image_contour_detector.Rd:20: Lost braces in \itemize; \value handles \item{}{} directly
checkRd: (-1) image_contour_detector.Rd:21: Lost braces in \itemize; \value handles \item{}{} directly
Flavors: r-devel-linux-x86_64-debian-clang, r-devel-linux-x86_64-debian-gcc, r-devel-windows-x86_64, r-patched-linux-x86_64, r-release-linux-x86_64, r-release-macos-arm64, r-release-windows-x86_64, r-oldrel-macos-arm64