Last updated on 2025-11-04 05:51:14 CET.
| Flavor | Version | Tinstall | Tcheck | Ttotal | Status | Flags | 
|---|---|---|---|---|---|---|
| r-devel-linux-x86_64-debian-clang | 1.2.1 | 57.18 | 375.46 | 432.64 | OK | |
| r-devel-linux-x86_64-debian-gcc | 1.2.1 | 38.86 | 272.34 | 311.20 | OK | |
| r-devel-linux-x86_64-fedora-clang | 1.2.1 | 292.00 | 444.55 | 736.55 | OK | |
| r-devel-linux-x86_64-fedora-gcc | 1.2.1 | 130.00 | 496.49 | 626.49 | OK | |
| r-devel-windows-x86_64 | 1.2.1 | 59.00 | 309.00 | 368.00 | OK | |
| r-patched-linux-x86_64 | 1.2.1 | 0.35 | 1.89 | 2.24 | ERROR | |
| r-release-linux-x86_64 | 1.2.1 | 52.86 | 353.51 | 406.37 | OK | |
| r-release-macos-arm64 | 1.2.1 | 28.00 | 148.00 | 176.00 | OK | |
| r-release-macos-x86_64 | 1.2.1 | 49.00 | 267.00 | 316.00 | OK | |
| r-release-windows-x86_64 | 1.2.1 | 56.00 | 304.00 | 360.00 | OK | |
| r-oldrel-macos-arm64 | 1.2.1 | 32.00 | 128.00 | 160.00 | OK | |
| r-oldrel-macos-x86_64 | 1.2.1 | 39.00 | 159.00 | 198.00 | OK | |
| r-oldrel-windows-x86_64 | 1.2.1 | 78.00 | 405.00 | 483.00 | OK | 
Version: 1.2.1
Check: package dependencies
Result: ERROR
  Package required but not available: ‘GenomicAlignments’
  
  See section ‘The DESCRIPTION file’ in the ‘Writing R Extensions’
  manual.
Flavor: r-patched-linux-x86_64