CRAN Package Check Results for Package ihpdr

Last updated on 2025-11-03 17:49:52 CET.

Flavor Version Tinstall Tcheck Ttotal Status Flags
r-devel-linux-x86_64-debian-clang 1.2.1 5.50 54.70 60.20 NOTE
r-devel-linux-x86_64-debian-gcc 1.2.1 4.05 37.57 41.62 NOTE
r-devel-linux-x86_64-fedora-clang 1.2.1 25.00 67.88 92.88 OK
r-devel-linux-x86_64-fedora-gcc 1.2.1 13.00 61.93 74.93 OK
r-devel-windows-x86_64 1.2.1 7.00 64.00 71.00 OK
r-patched-linux-x86_64 1.2.1 5.09 48.86 53.95 OK
r-release-linux-x86_64 1.2.1 5.62 48.42 54.04 OK
r-release-macos-arm64 1.2.1 2.00 38.00 40.00 OK
r-release-macos-x86_64 1.2.1 6.00 55.00 61.00 OK
r-release-windows-x86_64 1.2.1 7.00 61.00 68.00 OK
r-oldrel-macos-arm64 1.2.1 3.00 35.00 38.00 NOTE
r-oldrel-macos-x86_64 1.2.1 5.00 43.00 48.00 NOTE
r-oldrel-windows-x86_64 1.2.1 9.00 78.00 87.00 NOTE

Check Details

Version: 1.2.1
Check: CRAN incoming feasibility
Result: NOTE Maintainer: ‘Kostas Vasilopoulos <k.vasilopoulo@gmail.com>’ Package CITATION file contains call(s) to old-style personList() or as.personList(). Please use c() on person objects instead. Package CITATION file contains call(s) to old-style citEntry(). Please use bibentry() instead. Flavors: r-devel-linux-x86_64-debian-clang, r-devel-linux-x86_64-debian-gcc

Version: 1.2.1
Check: LazyData
Result: NOTE 'LazyData' is specified without a 'data' directory Flavors: r-oldrel-macos-arm64, r-oldrel-macos-x86_64, r-oldrel-windows-x86_64

mirror server hosted at Truenetwork, Russian Federation.