Last updated on 2025-11-04 05:51:13 CET.
| Flavor | Version | Tinstall | Tcheck | Ttotal | Status | Flags | 
|---|---|---|---|---|---|---|
| r-devel-linux-x86_64-debian-clang | 0.0.41 | 41.66 | 391.75 | 433.41 | OK | |
| r-devel-linux-x86_64-debian-gcc | 0.0.41 | 24.92 | 247.82 | 272.74 | OK | |
| r-devel-linux-x86_64-fedora-clang | 0.0.41 | 166.00 | 548.44 | 714.44 | OK | |
| r-devel-linux-x86_64-fedora-gcc | 0.0.41 | 81.00 | 524.43 | 605.43 | OK | |
| r-devel-windows-x86_64 | 0.0.41 | 36.00 | 308.00 | 344.00 | OK | |
| r-patched-linux-x86_64 | 0.0.41 | 37.53 | 369.77 | 407.30 | OK | |
| r-release-linux-x86_64 | 0.0.41 | 37.42 | 371.24 | 408.66 | OK | |
| r-release-macos-arm64 | 0.0.41 | 16.00 | 137.00 | 153.00 | OK | |
| r-release-macos-x86_64 | 0.0.41 | 36.00 | 280.00 | 316.00 | OK | |
| r-release-windows-x86_64 | 0.0.41 | 36.00 | 302.00 | 338.00 | OK | |
| r-oldrel-macos-arm64 | 0.0.41 | 11.00 | ERROR | |||
| r-oldrel-macos-x86_64 | 0.0.41 | 11.00 | ERROR | |||
| r-oldrel-windows-x86_64 | 0.0.41 | 16.00 | 9.00 | 25.00 | ERROR | 
Version: 0.0.41
Check: package dependencies
Result: ERROR
  Package required and available but unsuitable version: ‘utils’
  
  See section ‘The DESCRIPTION file’ in the ‘Writing R Extensions’
  manual.
Flavors: r-oldrel-macos-arm64, r-oldrel-macos-x86_64, r-oldrel-windows-x86_64