Last updated on 2025-11-04 11:52:33 CET.
| Flavor | Version | Tinstall | Tcheck | Ttotal | Status | Flags | 
|---|---|---|---|---|---|---|
| r-devel-linux-x86_64-debian-clang | 0.9.2 | 11.59 | 70.75 | 82.34 | NOTE | |
| r-devel-linux-x86_64-debian-gcc | 0.9.2 | 9.59 | 59.06 | 68.65 | NOTE | |
| r-devel-linux-x86_64-fedora-clang | 0.9.2 | 56.00 | 81.20 | 137.20 | NOTE | |
| r-devel-linux-x86_64-fedora-gcc | 0.9.2 | 28.00 | 84.69 | 112.69 | NOTE | |
| r-devel-windows-x86_64 | 0.9.2 | 11.00 | 75.00 | 86.00 | NOTE | |
| r-patched-linux-x86_64 | 0.9.2 | 13.02 | 62.20 | 75.22 | OK | |
| r-release-linux-x86_64 | 0.9.2 | 12.12 | 61.84 | 73.96 | OK | |
| r-release-macos-arm64 | 0.9.2 | 9.00 | 40.00 | 49.00 | OK | |
| r-release-macos-x86_64 | 0.9.2 | 23.00 | 97.00 | 120.00 | OK | |
| r-release-windows-x86_64 | 0.9.2 | 11.00 | 70.00 | 81.00 | OK | |
| r-oldrel-macos-arm64 | 0.9.2 | 10.00 | 44.00 | 54.00 | OK | |
| r-oldrel-macos-x86_64 | 0.9.2 | 12.00 | 68.00 | 80.00 | OK | |
| r-oldrel-windows-x86_64 | 0.9.2 | 16.00 | 85.00 | 101.00 | OK | 
Version: 0.9.2
Check: Rd files
Result: NOTE
  checkRd: (-1) adaps.Rd:92-98: Only 5 columns allowed in this table (row 1 has 2)
  checkRd: (-1) adaps.Rd:92-98: Only 5 columns allowed in this table (row 2 has 1)
  checkRd: (-1) adaps.Rd:92-98: Only 5 columns allowed in this table (row 3 has 1)
  checkRd: (-1) adaps.Rd:92-98: Only 5 columns allowed in this table (row 4 has 1)
Flavors: r-devel-linux-x86_64-debian-clang, r-devel-linux-x86_64-debian-gcc, r-devel-linux-x86_64-fedora-clang, r-devel-linux-x86_64-fedora-gcc, r-devel-windows-x86_64