Last updated on 2025-11-04 05:51:13 CET.
| Flavor | Version | Tinstall | Tcheck | Ttotal | Status | Flags | 
|---|---|---|---|---|---|---|
| r-devel-linux-x86_64-debian-clang | 1.5.3 | 5.04 | 42.94 | 47.98 | NOTE | |
| r-devel-linux-x86_64-debian-gcc | 1.5.3 | 4.92 | 40.82 | 45.74 | NOTE | |
| r-devel-linux-x86_64-fedora-clang | 1.5.3 | 27.00 | 53.69 | 80.69 | OK | |
| r-devel-linux-x86_64-fedora-gcc | 1.5.3 | 13.00 | 54.01 | 67.01 | OK | |
| r-devel-windows-x86_64 | 1.5.3 | 6.00 | 58.00 | 64.00 | OK | |
| r-patched-linux-x86_64 | 1.5.3 | 5.11 | 36.06 | 41.17 | NOTE | |
| r-release-linux-x86_64 | 1.5.3 | 4.84 | 35.94 | 40.78 | NOTE | |
| r-release-macos-arm64 | 1.5.3 | 5.00 | 29.00 | 34.00 | OK | |
| r-release-macos-x86_64 | 1.5.3 | 5.00 | 41.00 | 46.00 | OK | |
| r-release-windows-x86_64 | 1.5.3 | 6.00 | 58.00 | 64.00 | OK | |
| r-oldrel-macos-arm64 | 1.5.3 | 4.00 | 25.00 | 29.00 | NOTE | |
| r-oldrel-macos-x86_64 | 1.5.3 | 5.00 | 36.00 | 41.00 | NOTE | |
| r-oldrel-windows-x86_64 | 1.5.3 | 5.00 | 66.00 | 71.00 | NOTE | 
Version: 1.5.3
Check: CRAN incoming feasibility
Result: NOTE
  Maintainer: ‘Tomas Sieger <tomas.sieger@seznam.cz>’
  
  No Authors@R field in DESCRIPTION.
  Please add one, modifying
    Authors@R: person(given = "Tomas",
                      family = "Sieger",
                      role = c("aut", "cre"),
                      email = "tomas.sieger@seznam.cz")
  as necessary.
Flavors: r-devel-linux-x86_64-debian-clang, r-devel-linux-x86_64-debian-gcc
Version: 1.5.3
Check: for unstated dependencies in ‘demo’
Result: NOTE
  'library' or 'require' calls not declared from:
    ‘MASS’ ‘flowStats’ ‘hyperSpec’
Flavors: r-devel-linux-x86_64-debian-clang, r-devel-linux-x86_64-debian-gcc, r-patched-linux-x86_64, r-release-linux-x86_64
Version: 1.5.3
Check: package dependencies
Result: NOTE
  Package suggested but not available for checking: ‘rggobi’
Flavors: r-oldrel-macos-arm64, r-oldrel-macos-x86_64, r-oldrel-windows-x86_64