Last updated on 2025-02-21 17:50:44 CET.
Flavor | Version | Tinstall | Tcheck | Ttotal | Status | Flags |
---|---|---|---|---|---|---|
r-devel-linux-x86_64-debian-clang | 1.0.3 | 30.42 | 56.03 | 86.45 | NOTE | |
r-devel-linux-x86_64-debian-gcc | 1.0.3 | 18.97 | 39.31 | 58.28 | NOTE | |
r-devel-linux-x86_64-fedora-clang | 1.0.3 | 149.89 | NOTE | |||
r-devel-linux-x86_64-fedora-gcc | 1.0.3 | 136.23 | NOTE | |||
r-devel-macos-arm64 | 1.0.3 | 41.00 | NOTE | |||
r-devel-macos-x86_64 | 1.0.3 | 63.00 | NOTE | |||
r-devel-windows-x86_64 | 1.0.3 | 33.00 | 93.00 | 126.00 | NOTE | |
r-patched-linux-x86_64 | 1.0.3 | 28.37 | 51.93 | 80.30 | NOTE | |
r-release-linux-x86_64 | 1.0.3 | 25.22 | 51.82 | 77.04 | NOTE | |
r-release-macos-arm64 | 1.0.3 | 39.00 | NOTE | |||
r-release-macos-x86_64 | 1.0.3 | 81.00 | NOTE | |||
r-release-windows-x86_64 | 1.0.3 | 35.00 | 90.00 | 125.00 | NOTE | |
r-oldrel-macos-arm64 | 1.0.3 | 39.00 | NOTE | |||
r-oldrel-macos-x86_64 | 1.0.3 | 70.00 | NOTE | |||
r-oldrel-windows-x86_64 | 1.0.3 | 42.00 | 124.00 | 166.00 | NOTE |
Version: 1.0.3
Check: C++ specification
Result: NOTE
Specified C++11: please drop specification unless essential
Flavors: r-devel-linux-x86_64-debian-clang, r-devel-linux-x86_64-debian-gcc, r-devel-linux-x86_64-fedora-clang, r-devel-linux-x86_64-fedora-gcc, r-devel-macos-arm64, r-devel-macos-x86_64, r-devel-windows-x86_64, r-patched-linux-x86_64, r-release-linux-x86_64, r-release-macos-arm64, r-release-macos-x86_64, r-release-windows-x86_64, r-oldrel-macos-arm64, r-oldrel-macos-x86_64, r-oldrel-windows-x86_64