Last updated on 2025-11-04 11:52:33 CET.
| Flavor | Version | Tinstall | Tcheck | Ttotal | Status | Flags | 
|---|---|---|---|---|---|---|
| r-devel-linux-x86_64-debian-clang | 1.5.0 | 38.73 | 34.61 | 73.34 | NOTE | |
| r-devel-linux-x86_64-debian-gcc | 1.5.0 | 26.79 | 26.59 | 53.38 | NOTE | |
| r-devel-linux-x86_64-fedora-clang | 1.5.0 | 152.00 | -6.16 | 145.84 | OK | |
| r-devel-linux-x86_64-fedora-gcc | 1.5.0 | 89.00 | 29.34 | 118.34 | OK | |
| r-devel-windows-x86_64 | 1.5.0 | 41.00 | 66.00 | 107.00 | OK | |
| r-patched-linux-x86_64 | 1.5.0 | 40.68 | 32.75 | 73.43 | OK | |
| r-release-linux-x86_64 | 1.5.0 | 38.26 | 32.96 | 71.22 | OK | |
| r-release-macos-arm64 | 1.5.0 | 14.00 | 17.00 | 31.00 | OK | |
| r-release-macos-x86_64 | 1.5.0 | 14.00 | 30.00 | 44.00 | OK | |
| r-release-windows-x86_64 | 1.5.0 | 42.00 | 64.00 | 106.00 | OK | |
| r-oldrel-macos-arm64 | 1.5.0 | 15.00 | 16.00 | 31.00 | OK | |
| r-oldrel-macos-x86_64 | 1.5.0 | 16.00 | 24.00 | 40.00 | OK | |
| r-oldrel-windows-x86_64 | 1.5.0 | 46.00 | 80.00 | 126.00 | OK | 
Version: 1.5.0
Check: CRAN incoming feasibility
Result: NOTE
  Maintainer: ‘Xiangdong Gu <ustcgxd@gmail.com>’
  
  No Authors@R field in DESCRIPTION.
  Please add one, modifying
    Authors@R: c(person(given = "Xiangdong",
                        family = "Gu",
                        role = c("aut", "cre"),
                        email = "ustcgxd@gmail.com"),
                 person(given = "Raji",
                        family = "Balasubramanian",
                        role = "aut"))
  as necessary.
Flavors: r-devel-linux-x86_64-debian-clang, r-devel-linux-x86_64-debian-gcc