CRAN Package Check Results for Package ical

Last updated on 2025-11-28 17:48:42 CET.

Flavor Version Tinstall Tcheck Ttotal Status Flags
r-devel-linux-x86_64-debian-clang 0.1.6 2.22 29.46 31.68 OK
r-devel-linux-x86_64-debian-gcc 0.1.6 1.82 24.41 26.23 OK
r-devel-linux-x86_64-fedora-clang 0.1.6 46.70 OK
r-devel-linux-x86_64-fedora-gcc 0.1.6 42.91 OK
r-devel-windows-x86_64 0.1.6 5.00 44.00 49.00 OK
r-patched-linux-x86_64 0.1.6 2.21 27.19 29.40 OK
r-release-linux-x86_64 0.1.6 1.99 27.04 29.03 OK
r-release-macos-arm64 0.1.6 OK
r-release-macos-x86_64 0.1.6 3.00 30.00 33.00 OK
r-release-windows-x86_64 0.1.6 5.00 44.00 49.00 OK
r-oldrel-macos-arm64 0.1.6 NOTE
r-oldrel-macos-x86_64 0.1.6 2.00 25.00 27.00 NOTE
r-oldrel-windows-x86_64 0.1.6 5.00 50.00 55.00 NOTE

Check Details

Version: 0.1.6
Check: LazyData
Result: NOTE 'LazyData' is specified without a 'data' directory Flavors: r-oldrel-macos-arm64, r-oldrel-macos-x86_64, r-oldrel-windows-x86_64

mirror server hosted at Truenetwork, Russian Federation.