Last updated on 2025-05-23 18:50:30 CEST.
Flavor | Version | Tinstall | Tcheck | Ttotal | Status | Flags |
---|---|---|---|---|---|---|
r-devel-linux-x86_64-debian-clang | 0.1.6 | 1.72 | 28.50 | 30.22 | OK | |
r-devel-linux-x86_64-debian-gcc | 0.1.6 | 1.85 | 23.79 | 25.64 | OK | |
r-devel-linux-x86_64-fedora-clang | 0.1.6 | 44.11 | OK | |||
r-devel-linux-x86_64-fedora-gcc | 0.1.6 | 43.09 | OK | |||
r-devel-windows-x86_64 | 0.1.6 | 4.00 | 80.00 | 84.00 | OK | |
r-patched-linux-x86_64 | 0.1.6 | 2.21 | 26.36 | 28.57 | OK | |
r-release-linux-x86_64 | 0.1.6 | 2.17 | 26.40 | 28.57 | OK | |
r-release-macos-arm64 | 0.1.6 | 23.00 | OK | |||
r-release-macos-x86_64 | 0.1.6 | 33.00 | OK | |||
r-release-windows-x86_64 | 0.1.6 | 3.00 | 79.00 | 82.00 | OK | |
r-oldrel-macos-arm64 | 0.1.6 | 20.00 | NOTE | |||
r-oldrel-macos-x86_64 | 0.1.6 | 27.00 | NOTE | |||
r-oldrel-windows-x86_64 | 0.1.6 | 4.00 | 52.00 | 56.00 | NOTE |
Version: 0.1.6
Check: LazyData
Result: NOTE
'LazyData' is specified without a 'data' directory
Flavors: r-oldrel-macos-arm64, r-oldrel-macos-x86_64, r-oldrel-windows-x86_64