Last updated on 2025-11-04 11:52:33 CET.
| Flavor | Version | Tinstall | Tcheck | Ttotal | Status | Flags | 
|---|---|---|---|---|---|---|
| r-devel-linux-x86_64-debian-clang | 1.0.2 | 2.00 | 92.72 | 94.72 | NOTE | |
| r-devel-linux-x86_64-debian-gcc | 1.0.2 | 1.47 | 59.29 | 60.76 | NOTE | |
| r-devel-linux-x86_64-fedora-clang | 1.0.2 | 155.98 | OK | |||
| r-devel-linux-x86_64-fedora-gcc | 1.0.2 | 160.02 | OK | |||
| r-devel-windows-x86_64 | 1.0.2 | 3.00 | 102.00 | 105.00 | OK | |
| r-patched-linux-x86_64 | 1.0.2 | 2.14 | 87.30 | 89.44 | OK | |
| r-release-linux-x86_64 | 1.0.2 | 2.07 | 87.08 | 89.15 | OK | |
| r-release-macos-arm64 | 1.0.2 | 2.00 | 60.00 | 62.00 | OK | |
| r-release-macos-x86_64 | 1.0.2 | 2.00 | 112.00 | 114.00 | OK | |
| r-release-windows-x86_64 | 1.0.2 | 4.00 | 104.00 | 108.00 | OK | |
| r-oldrel-macos-arm64 | 1.0.2 | 1.00 | 53.00 | 54.00 | NOTE | |
| r-oldrel-macos-x86_64 | 1.0.2 | 2.00 | 102.00 | 104.00 | NOTE | |
| r-oldrel-windows-x86_64 | 1.0.2 | 4.00 | 141.00 | 145.00 | NOTE | 
Version: 1.0.2
Check: CRAN incoming feasibility
Result: NOTE
  Maintainer: ‘Nanne Aben <nanne.aben@gmail.com>’
  
  No Authors@R field in DESCRIPTION.
  Please add one, modifying
    Authors@R: person(given = "Nanne",
                      family = "Aben",
                      role = c("aut", "cre"),
                      email = "nanne.aben@gmail.com")
  as necessary.
Flavors: r-devel-linux-x86_64-debian-clang, r-devel-linux-x86_64-debian-gcc
Version: 1.0.2
Check: LazyData
Result: NOTE
    'LazyData' is specified without a 'data' directory
Flavors: r-oldrel-macos-arm64, r-oldrel-macos-x86_64, r-oldrel-windows-x86_64