Last updated on 2025-11-03 17:49:52 CET.
| Flavor | Version | Tinstall | Tcheck | Ttotal | Status | Flags |
|---|---|---|---|---|---|---|
| r-devel-linux-x86_64-debian-clang | 2.0.3 | 11.36 | 128.71 | 140.07 | OK | |
| r-devel-linux-x86_64-debian-gcc | 2.0.3 | 8.28 | 90.76 | 99.04 | OK | |
| r-devel-linux-x86_64-fedora-clang | 2.0.3 | 62.00 | 170.04 | 232.04 | OK | |
| r-devel-linux-x86_64-fedora-gcc | 2.0.3 | 26.00 | 162.05 | 188.05 | OK | |
| r-devel-windows-x86_64 | 2.0.3 | 13.00 | 142.00 | 155.00 | OK | |
| r-patched-linux-x86_64 | 2.0.3 | 12.51 | 122.28 | 134.79 | OK | |
| r-release-linux-x86_64 | 2.0.3 | 11.15 | 121.48 | 132.63 | OK | |
| r-release-macos-arm64 | 2.0.3 | 5.00 | 50.00 | 55.00 | OK | |
| r-release-macos-x86_64 | 2.0.3 | 9.00 | 102.00 | 111.00 | OK | |
| r-release-windows-x86_64 | 2.0.3 | 12.00 | 139.00 | 151.00 | OK | |
| r-oldrel-macos-arm64 | 2.0.3 | 5.00 | 54.00 | 59.00 | NOTE | |
| r-oldrel-macos-x86_64 | 2.0.3 | 9.00 | 107.00 | 116.00 | NOTE | |
| r-oldrel-windows-x86_64 | 2.0.3 | 20.00 | 180.00 | 200.00 | NOTE |
Version: 2.0.3
Check: package dependencies
Result: NOTE
Package suggested but not available for checking: ‘surveyspec’
Flavors: r-oldrel-macos-arm64, r-oldrel-macos-x86_64, r-oldrel-windows-x86_64