Last updated on 2025-02-21 17:50:44 CET.
Flavor | Version | Tinstall | Tcheck | Ttotal | Status | Flags |
---|---|---|---|---|---|---|
r-devel-linux-x86_64-debian-clang | 0.1.4 | 73.81 | 140.84 | 214.65 | OK | |
r-devel-linux-x86_64-debian-gcc | 0.1.4 | 43.33 | 92.62 | 135.95 | OK | |
r-devel-linux-x86_64-fedora-clang | 0.1.4 | 342.77 | OK | |||
r-devel-linux-x86_64-fedora-gcc | 0.1.4 | 307.00 | OK | |||
r-devel-macos-arm64 | 0.1.4 | 97.00 | OK | |||
r-devel-macos-x86_64 | 0.1.4 | 173.00 | OK | |||
r-devel-windows-x86_64 | 0.1.4 | 60.00 | 149.00 | 209.00 | OK | |
r-patched-linux-x86_64 | 0.1.4 | 53.64 | 135.83 | 189.47 | OK | |
r-release-linux-x86_64 | 0.1.4 | 54.44 | 124.46 | 178.90 | OK | |
r-release-macos-arm64 | 0.1.4 | 99.00 | NOTE | |||
r-release-macos-x86_64 | 0.1.4 | 195.00 | NOTE | |||
r-release-windows-x86_64 | 0.1.4 | 58.00 | 141.00 | 199.00 | OK | |
r-oldrel-macos-arm64 | 0.1.4 | 97.00 | NOTE | |||
r-oldrel-macos-x86_64 | 0.1.4 | 197.00 | NOTE | |||
r-oldrel-windows-x86_64 | 0.1.4 | 75.00 | 169.00 | 244.00 | OK |
Version: 0.1.4
Check: installed package size
Result: NOTE
installed size is 9.1Mb
sub-directories of 1Mb or more:
data 3.0Mb
libs 5.5Mb
Flavors: r-release-macos-arm64, r-release-macos-x86_64, r-oldrel-macos-arm64, r-oldrel-macos-x86_64