Last updated on 2025-02-22 11:51:29 CET.
Flavor | Version | Tinstall | Tcheck | Ttotal | Status | Flags |
---|---|---|---|---|---|---|
r-devel-linux-x86_64-debian-clang | 2.0.2.1 | 21.91 | 299.88 | 321.79 | OK | |
r-devel-linux-x86_64-debian-gcc | 2.0.2.1 | 0.28 | 1.54 | 1.82 | ERROR | |
r-devel-linux-x86_64-fedora-clang | 2.0.2.1 | 465.13 | OK | |||
r-devel-linux-x86_64-fedora-gcc | 2.0.2.1 | 585.24 | OK | |||
r-devel-macos-arm64 | 2.0.2.1 | 129.00 | OK | |||
r-devel-macos-x86_64 | 2.0.2.1 | 263.00 | OK | |||
r-devel-windows-x86_64 | 2.0.2.1 | 15.00 | 246.00 | 261.00 | OK | |
r-patched-linux-x86_64 | 2.0.2.1 | 23.83 | 328.85 | 352.68 | OK | |
r-release-linux-x86_64 | 2.0.2.1 | 20.99 | 328.74 | 349.73 | OK | |
r-release-macos-arm64 | 2.0.2.1 | 118.00 | OK | |||
r-release-macos-x86_64 | 2.0.2.1 | 186.00 | OK | |||
r-release-windows-x86_64 | 2.0.2.1 | 17.00 | 236.00 | 253.00 | OK | |
r-oldrel-macos-arm64 | 2.0.2.1 | 91.00 | OK | |||
r-oldrel-macos-x86_64 | 2.0.2.1 | 171.00 | OK | |||
r-oldrel-windows-x86_64 | 2.0.2.1 | 19.00 | 316.00 | 335.00 | OK |
Version: 2.0.2.1
Check: package dependencies
Result: ERROR
Package required but not available: ‘KEGGgraph’
See section ‘The DESCRIPTION file’ in the ‘Writing R Extensions’
manual.
Flavor: r-devel-linux-x86_64-debian-gcc