Last updated on 2025-11-04 05:51:13 CET.
| Flavor | Version | Tinstall | Tcheck | Ttotal | Status | Flags | 
|---|---|---|---|---|---|---|
| r-devel-linux-x86_64-debian-clang | 0.2.8 | 9.81 | 79.95 | 89.76 | NOTE | |
| r-devel-linux-x86_64-debian-gcc | 0.2.8 | 7.48 | 59.02 | 66.50 | NOTE | |
| r-devel-linux-x86_64-fedora-clang | 0.2.8 | 21.00 | 115.90 | 136.90 | NOTE | |
| r-devel-linux-x86_64-fedora-gcc | 0.2.8 | 24.00 | 118.62 | 142.62 | NOTE | |
| r-devel-windows-x86_64 | 0.2.8 | 10.00 | 87.00 | 97.00 | NOTE | |
| r-patched-linux-x86_64 | 0.2.8 | 11.02 | 75.95 | 86.97 | NOTE | |
| r-release-linux-x86_64 | 0.2.8 | 9.86 | 74.08 | 83.94 | NOTE | |
| r-release-macos-arm64 | 0.2.8 | 5.00 | 51.00 | 56.00 | NOTE | |
| r-release-macos-x86_64 | 0.2.8 | 8.00 | 88.00 | 96.00 | NOTE | |
| r-release-windows-x86_64 | 0.2.8 | 10.00 | 85.00 | 95.00 | NOTE | |
| r-oldrel-macos-arm64 | 0.2.8 | 4.00 | 42.00 | 46.00 | OK | |
| r-oldrel-macos-x86_64 | 0.2.8 | 8.00 | 65.00 | 73.00 | OK | |
| r-oldrel-windows-x86_64 | 0.2.8 | 14.00 | 107.00 | 121.00 | OK | 
Version: 0.2.8
Check: DESCRIPTION meta-information
Result: NOTE
    Missing dependency on R >= 4.1.0 because package code uses the pipe
    |> or function shorthand \(...) syntax added in R 4.1.0.
    File(s) using such syntax:
      ‘equations.R’
Flavors: r-devel-linux-x86_64-debian-clang, r-devel-linux-x86_64-debian-gcc, r-devel-linux-x86_64-fedora-clang, r-devel-linux-x86_64-fedora-gcc, r-devel-windows-x86_64, r-patched-linux-x86_64, r-release-linux-x86_64, r-release-macos-arm64, r-release-macos-x86_64, r-release-windows-x86_64