Last updated on 2025-05-29 00:48:23 CEST.
Flavor | Version | Tinstall | Tcheck | Ttotal | Status | Flags |
---|---|---|---|---|---|---|
r-devel-linux-x86_64-debian-clang | 0.2.8 | 9.91 | 78.36 | 88.27 | NOTE | |
r-devel-linux-x86_64-debian-gcc | 0.2.8 | 7.41 | 57.93 | 65.34 | NOTE | |
r-devel-linux-x86_64-fedora-clang | 0.2.8 | 136.40 | NOTE | |||
r-devel-linux-x86_64-fedora-gcc | 0.2.8 | 136.80 | NOTE | |||
r-devel-windows-x86_64 | 0.2.8 | 11.00 | 85.00 | 96.00 | NOTE | |
r-patched-linux-x86_64 | 0.2.8 | 9.81 | 74.17 | 83.98 | NOTE | |
r-release-linux-x86_64 | 0.2.8 | 8.79 | 73.89 | 82.68 | NOTE | |
r-release-macos-arm64 | 0.2.8 | 56.00 | NOTE | |||
r-release-macos-x86_64 | 0.2.8 | 96.00 | NOTE | |||
r-release-windows-x86_64 | 0.2.8 | 11.00 | 98.00 | 109.00 | NOTE | |
r-oldrel-macos-arm64 | 0.2.8 | 46.00 | OK | |||
r-oldrel-macos-x86_64 | 0.2.8 | 73.00 | OK | |||
r-oldrel-windows-x86_64 | 0.2.8 | 15.00 | 107.00 | 122.00 | OK |
Version: 0.2.8
Check: DESCRIPTION meta-information
Result: NOTE
Missing dependency on R >= 4.1.0 because package code uses the pipe
|> or function shorthand \(...) syntax added in R 4.1.0.
File(s) using such syntax:
‘equations.R’
Flavors: r-devel-linux-x86_64-debian-clang, r-devel-linux-x86_64-debian-gcc, r-devel-linux-x86_64-fedora-clang, r-devel-linux-x86_64-fedora-gcc, r-devel-windows-x86_64, r-patched-linux-x86_64, r-release-linux-x86_64, r-release-macos-arm64, r-release-macos-x86_64, r-release-windows-x86_64