CRAN Package Check Results for Package hydrotoolbox

Last updated on 2025-07-10 19:17:54 CEST.

Flavor Version Tinstall Tcheck Ttotal Status Flags
r-devel-linux-x86_64-debian-clang 1.1.2 53.90 153.73 207.63 NOTE
r-devel-linux-x86_64-debian-gcc 1.1.2 36.76 112.27 149.03 NOTE
r-devel-linux-x86_64-fedora-clang 1.1.2 365.34 OK
r-devel-linux-x86_64-fedora-gcc 1.1.2 328.68 OK
r-devel-windows-x86_64 1.1.2 60.00 185.00 245.00 OK
r-patched-linux-x86_64 1.1.2 52.41 149.02 201.43 OK
r-release-linux-x86_64 1.1.2 54.08 148.23 202.31 OK
r-release-macos-arm64 1.1.2 101.00 OK
r-release-macos-x86_64 1.1.2 189.00 OK
r-release-windows-x86_64 1.1.2 61.00 192.00 253.00 OK
r-oldrel-macos-arm64 1.1.2 123.00 NOTE
r-oldrel-macos-x86_64 1.1.2 164.00 NOTE
r-oldrel-windows-x86_64 1.1.2 81.00 230.00 311.00 NOTE

Check Details

Version: 1.1.2
Check: CRAN incoming feasibility
Result: NOTE Maintainer: ‘Ezequiel Toum <etoum@mendoza-conicet.gob.ar>’ No Authors@R field in DESCRIPTION. Please add one, modifying Authors@R: person(given = "Ezequiel", family = "Toum", role = c("aut", "cre"), email = "etoum@mendoza-conicet.gob.ar") as necessary. Flavors: r-devel-linux-x86_64-debian-clang, r-devel-linux-x86_64-debian-gcc

Version: 1.1.2
Check: installed package size
Result: NOTE installed size is 8.1Mb sub-directories of 1Mb or more: extdata 5.5Mb libs 1.7Mb Flavors: r-oldrel-macos-arm64, r-oldrel-macos-x86_64, r-oldrel-windows-x86_64

mirror server hosted at Truenetwork, Russian Federation.