Last updated on 2025-11-04 11:52:33 CET.
| Flavor | Version | Tinstall | Tcheck | Ttotal | Status | Flags | 
|---|---|---|---|---|---|---|
| r-devel-linux-x86_64-debian-clang | 0.6-1 | 3.32 | 27.76 | 31.08 | NOTE | |
| r-devel-linux-x86_64-debian-gcc | 0.6-1 | 2.14 | 21.61 | 23.75 | NOTE | |
| r-devel-linux-x86_64-fedora-clang | 0.6-1 | 44.74 | OK | |||
| r-devel-linux-x86_64-fedora-gcc | 0.6-1 | 40.27 | OK | |||
| r-devel-windows-x86_64 | 0.6-1 | 3.00 | 47.00 | 50.00 | OK | |
| r-patched-linux-x86_64 | 0.6-1 | 3.12 | 26.80 | 29.92 | OK | |
| r-release-linux-x86_64 | 0.6-1 | 2.96 | 26.13 | 29.09 | OK | |
| r-release-macos-arm64 | 0.6-1 | 1.00 | 16.00 | 17.00 | OK | |
| r-release-macos-x86_64 | 0.6-1 | 3.00 | 26.00 | 29.00 | OK | |
| r-release-windows-x86_64 | 0.6-1 | 4.00 | 44.00 | 48.00 | OK | |
| r-oldrel-macos-arm64 | 0.6-1 | 1.00 | 16.00 | 17.00 | OK | |
| r-oldrel-macos-x86_64 | 0.6-1 | 2.00 | 23.00 | 25.00 | OK | |
| r-oldrel-windows-x86_64 | 0.6-1 | 5.00 | 52.00 | 57.00 | OK | 
Version: 0.6-1
Check: CRAN incoming feasibility
Result: NOTE
  Maintainer: ‘Myles English <myles@rockhead.biz>’
  
  No Authors@R field in DESCRIPTION.
  Please add one, modifying
    Authors@R: person(given = "Myles",
                      family = "English",
                      role = c("aut", "cre"),
                      email = "myles@rockhead.biz")
  as necessary.
Flavors: r-devel-linux-x86_64-debian-clang, r-devel-linux-x86_64-debian-gcc