CRAN Package Check Results for Package hySpc.testthat

Last updated on 2025-05-22 18:52:08 CEST.

Flavor Version Tinstall Tcheck Ttotal Status Flags
r-devel-linux-x86_64-debian-clang 0.2.1 2.67 28.12 30.79 OK
r-devel-linux-x86_64-debian-gcc 0.2.1 1.94 22.03 23.97 OK
r-devel-linux-x86_64-fedora-clang 0.2.1 46.63 OK
r-devel-linux-x86_64-fedora-gcc 0.2.1 44.33 OK
r-devel-windows-x86_64 0.2.1 5.00 72.00 77.00 OK
r-patched-linux-x86_64 0.2.1 2.48 26.19 28.67 OK
r-release-linux-x86_64 0.2.1 2.17 27.11 29.28 OK
r-release-macos-arm64 0.2.1 26.00 OK
r-release-macos-x86_64 0.2.1 38.00 OK
r-release-windows-x86_64 0.2.1 4.00 84.00 88.00 OK
r-oldrel-macos-arm64 0.2.1 23.00 NOTE
r-oldrel-macos-x86_64 0.2.1 33.00 NOTE
r-oldrel-windows-x86_64 0.2.1 5.00 56.00 61.00 NOTE

Check Details

Version: 0.2.1
Check: LazyData
Result: NOTE 'LazyData' is specified without a 'data' directory Flavors: r-oldrel-macos-arm64, r-oldrel-macos-x86_64, r-oldrel-windows-x86_64

mirror server hosted at Truenetwork, Russian Federation.