Last updated on 2025-11-04 11:52:33 CET.
| Flavor | Version | Tinstall | Tcheck | Ttotal | Status | Flags | 
|---|---|---|---|---|---|---|
| r-devel-linux-x86_64-debian-clang | 2.0.3 | 233.95 | 233.70 | 467.65 | OK | |
| r-devel-linux-x86_64-debian-gcc | 2.0.3 | 206.85 | 173.50 | 380.35 | OK | |
| r-devel-linux-x86_64-fedora-clang | 2.0.3 | 506.00 | 242.05 | 748.05 | OK | |
| r-devel-linux-x86_64-fedora-gcc | 2.0.3 | 660.00 | 184.67 | 844.67 | OK | |
| r-devel-windows-x86_64 | 2.0.3 | 273.00 | 240.00 | 513.00 | OK | |
| r-patched-linux-x86_64 | 2.0.3 | 291.82 | 243.67 | 535.49 | OK | |
| r-release-linux-x86_64 | 2.0.3 | 285.75 | 241.35 | 527.10 | OK | |
| r-release-macos-arm64 | 2.0.3 | 93.00 | 73.00 | 166.00 | OK | |
| r-release-macos-x86_64 | 2.0.3 | 136.00 | 114.00 | 250.00 | OK | |
| r-release-windows-x86_64 | 2.0.3 | 259.00 | 242.00 | 501.00 | OK | |
| r-oldrel-macos-arm64 | 2.0.3 | 87.00 | 80.00 | 167.00 | NOTE | |
| r-oldrel-macos-x86_64 | 2.0.3 | 109.00 | 166.00 | 275.00 | NOTE | |
| r-oldrel-windows-x86_64 | 2.0.3 | 308.00 | 321.00 | 629.00 | NOTE | 
Version: 2.0.3
Check: installed package size
Result: NOTE
    installed size is 50.6Mb
    sub-directories of 1Mb or more:
      libs  49.9Mb
Flavors: r-oldrel-macos-arm64, r-oldrel-macos-x86_64
Version: 2.0.3
Check: for GNU extensions in Makefiles
Result: NOTE
  GNU make is a SystemRequirements.
Flavors: r-oldrel-macos-arm64, r-oldrel-macos-x86_64, r-oldrel-windows-x86_64