Last updated on 2025-05-26 00:48:34 CEST.
Flavor | Version | Tinstall | Tcheck | Ttotal | Status | Flags |
---|---|---|---|---|---|---|
r-devel-linux-x86_64-debian-clang | 0.1.9 | 2.41 | 35.09 | 37.50 | OK | |
r-devel-linux-x86_64-debian-gcc | 0.1.9 | 2.00 | 27.99 | 29.99 | OK | |
r-devel-linux-x86_64-fedora-clang | 1.0.0 | 70.84 | OK | |||
r-devel-linux-x86_64-fedora-gcc | 0.1.9 | 55.93 | OK | |||
r-devel-windows-x86_64 | 1.0.0 | 5.00 | 57.00 | 62.00 | OK | |
r-patched-linux-x86_64 | 0.1.9 | 2.82 | 32.11 | 34.93 | OK | |
r-release-linux-x86_64 | 1.0.0 | 2.87 | 35.75 | 38.62 | OK | |
r-release-macos-arm64 | 1.0.0 | 26.00 | OK | |||
r-release-macos-x86_64 | 0.1.9 | 40.00 | OK | |||
r-release-windows-x86_64 | 1.0.0 | 6.00 | 68.00 | 74.00 | OK | |
r-oldrel-macos-arm64 | 1.0.0 | 34.00 | NOTE | |||
r-oldrel-macos-x86_64 | 0.1.9 | 39.00 | NOTE | |||
r-oldrel-windows-x86_64 | 1.0.0 | 6.00 | 63.00 | 69.00 | NOTE |
Version: 1.0.0
Check: package dependencies
Result: NOTE
Packages suggested but not available for checking: 'hubExamples', 'hubVis'
Flavors: r-oldrel-macos-arm64, r-oldrel-windows-x86_64
Version: 0.1.9
Check: package dependencies
Result: NOTE
Packages suggested but not available for checking: 'hubExamples', 'hubVis'
Flavor: r-oldrel-macos-x86_64