Last updated on 2025-05-22 18:52:08 CEST.
Flavor | Version | Tinstall | Tcheck | Ttotal | Status | Flags |
---|---|---|---|---|---|---|
r-devel-linux-x86_64-debian-clang | 0.8.2 | 427.81 | 153.66 | 581.47 | OK | |
r-devel-linux-x86_64-debian-gcc | 0.8.2 | 391.75 | 147.21 | 538.96 | OK | |
r-devel-linux-x86_64-fedora-clang | 0.8.2 | 898.49 | OK | |||
r-devel-linux-x86_64-fedora-gcc | 0.8.2 | 1321.10 | OK | |||
r-devel-windows-x86_64 | 0.8.2 | 493.00 | 255.00 | 748.00 | OK | |
r-patched-linux-x86_64 | 0.8.2 | 515.29 | 191.74 | 707.03 | OK | |
r-release-linux-x86_64 | 0.8.2 | 496.56 | 192.71 | 689.27 | OK | |
r-release-macos-arm64 | 0.8.2 | 221.00 | OK | |||
r-release-macos-x86_64 | 0.8.2 | 264.00 | OK | |||
r-release-windows-x86_64 | 0.8.2 | 502.00 | 257.00 | 759.00 | OK | |
r-oldrel-macos-arm64 | 0.8.2 | 124.00 | NOTE | |||
r-oldrel-macos-x86_64 | 0.8.2 | 131.00 | NOTE | |||
r-oldrel-windows-x86_64 | 0.8.2 | 537.00 | 322.00 | 859.00 | OK |
Version: 0.8.2
Check: installed package size
Result: NOTE
installed size is 90.0Mb
sub-directories of 1Mb or more:
libs 89.5Mb
Flavors: r-oldrel-macos-arm64, r-oldrel-macos-x86_64
Version: 0.8.2
Check: for GNU extensions in Makefiles
Result: NOTE
GNU make is a SystemRequirements.
Flavors: r-oldrel-macos-arm64, r-oldrel-macos-x86_64