CRAN Package Check Results for Package hrbrthemes

Last updated on 2025-07-13 18:52:46 CEST.

Flavor Version Tinstall Tcheck Ttotal Status Flags
r-devel-linux-x86_64-debian-clang 0.8.7 7.52 60.29 67.81 NOTE
r-devel-linux-x86_64-debian-gcc 0.8.7 5.25 43.82 49.07 NOTE
r-devel-linux-x86_64-fedora-clang 0.8.7 108.62 OK
r-devel-linux-x86_64-fedora-gcc 0.8.7 95.81 OK
r-devel-windows-x86_64 0.8.7 9.00 74.00 83.00 NOTE
r-patched-linux-x86_64 0.8.7 7.30 57.44 64.74 NOTE
r-release-linux-x86_64 0.8.7 5.86 57.11 62.97 NOTE
r-release-macos-arm64 0.8.7 37.00 OK
r-release-macos-x86_64 0.8.7 60.00 OK
r-release-windows-x86_64 0.8.7 9.00 80.00 89.00 NOTE
r-oldrel-macos-arm64 0.8.7 32.00 OK
r-oldrel-macos-x86_64 0.8.7 48.00 OK
r-oldrel-windows-x86_64 0.8.7 12.00 92.00 104.00 OK

Check Details

Version: 0.8.7
Check: Rd cross-references
Result: NOTE Found the following Rd file(s) with Rd \link{} targets missing package anchors: scale_x_percent.Rd: guides theme_ipsum.Rd: ggplot2 theme_ipsum_es.Rd: ggplot2 theme_ipsum_gs.Rd: ggplot2 theme_ipsum_inter.Rd: ggplot2 theme_ipsum_ps.Rd: ggplot2 theme_ipsum_pub.Rd: ggplot2 theme_ipsum_rc.Rd: ggplot2 Please provide package anchors for all Rd \link{} targets not in the package itself and the base packages. Flavors: r-devel-linux-x86_64-debian-clang, r-devel-linux-x86_64-debian-gcc, r-devel-windows-x86_64, r-patched-linux-x86_64, r-release-linux-x86_64, r-release-windows-x86_64

mirror server hosted at Truenetwork, Russian Federation.