Last updated on 2025-05-27 18:49:51 CEST.
Flavor | Version | Tinstall | Tcheck | Ttotal | Status | Flags |
---|---|---|---|---|---|---|
r-devel-linux-x86_64-debian-clang | 1.3.3 | 190.33 | 34.67 | 225.00 | NOTE | |
r-devel-linux-x86_64-debian-gcc | 1.3.3 | 133.78 | 26.24 | 160.02 | NOTE | |
r-devel-linux-x86_64-fedora-clang | 1.3.3 | 370.94 | OK | |||
r-devel-linux-x86_64-fedora-gcc | 1.3.3 | 389.15 | OK | |||
r-devel-windows-x86_64 | 1.3.3 | 190.00 | 87.00 | 277.00 | OK | |
r-patched-linux-x86_64 | 1.3.3 | 192.68 | 34.10 | 226.78 | OK | |
r-release-linux-x86_64 | 1.3.3 | 188.48 | 33.97 | 222.45 | OK | |
r-release-macos-arm64 | 1.3.3 | 82.00 | OK | |||
r-release-macos-x86_64 | 1.3.3 | 86.00 | OK | |||
r-release-windows-x86_64 | 1.3.3 | 192.00 | 93.00 | 285.00 | OK | |
r-oldrel-macos-arm64 | 1.3.3 | 47.00 | NOTE | |||
r-oldrel-macos-x86_64 | 1.3.3 | 47.00 | NOTE | |||
r-oldrel-windows-x86_64 | 1.3.3 | 229.00 | 102.00 | 331.00 | OK |
Version: 1.3.3
Check: CRAN incoming feasibility
Result: NOTE
Maintainer: ‘Potanin Bogdan <bogdanpotanin@gmail.com>’
No Authors@R field in DESCRIPTION.
Please add one, modifying
Authors@R: person(given = "Potanin",
family = "Bogdan",
role = c("aut", "cre"),
email = "bogdanpotanin@gmail.com")
as necessary.
Flavors: r-devel-linux-x86_64-debian-clang, r-devel-linux-x86_64-debian-gcc
Version: 1.3.3
Check: installed package size
Result: NOTE
installed size is 16.9Mb
sub-directories of 1Mb or more:
libs 16.6Mb
Flavors: r-oldrel-macos-arm64, r-oldrel-macos-x86_64