Last updated on 2025-02-22 11:51:29 CET.
Flavor | Version | Tinstall | Tcheck | Ttotal | Status | Flags |
---|---|---|---|---|---|---|
r-devel-linux-x86_64-debian-clang | 1.0.2 | 179.28 | 209.94 | 389.22 | OK | |
r-devel-linux-x86_64-debian-gcc | 1.0.2 | 167.89 | 154.76 | 322.65 | OK | |
r-devel-linux-x86_64-fedora-clang | 1.0.2 | 649.61 | OK | |||
r-devel-linux-x86_64-fedora-gcc | 1.0.2 | 801.00 | OK | |||
r-devel-macos-arm64 | 1.0.2 | 183.00 | OK | |||
r-devel-macos-x86_64 | 1.0.2 | 384.00 | OK | |||
r-devel-windows-x86_64 | 1.0.2 | 168.00 | 217.00 | 385.00 | OK | |
r-patched-linux-x86_64 | 1.0.2 | 212.55 | 217.77 | 430.32 | OK | |
r-release-linux-x86_64 | 1.0.2 | 204.72 | 224.85 | 429.57 | OK | |
r-release-macos-arm64 | 1.0.2 | 160.00 | NOTE | |||
r-release-macos-x86_64 | 1.0.2 | 254.00 | NOTE | |||
r-release-windows-x86_64 | 1.0.2 | 170.00 | 219.00 | 389.00 | NOTE | |
r-oldrel-macos-arm64 | 1.0.2 | 161.00 | NOTE | |||
r-oldrel-macos-x86_64 | 1.0.2 | 408.00 | NOTE | |||
r-oldrel-windows-x86_64 | 1.0.2 | 235.00 | 298.00 | 533.00 | NOTE |
Version: 1.0.2
Check: installed package size
Result: NOTE
installed size is 95.3Mb
sub-directories of 1Mb or more:
libs 93.8Mb
Flavors: r-release-macos-arm64, r-release-macos-x86_64, r-release-windows-x86_64, r-oldrel-macos-arm64, r-oldrel-macos-x86_64, r-oldrel-windows-x86_64