Last updated on 2025-11-04 05:51:13 CET.
| Flavor | Version | Tinstall | Tcheck | Ttotal | Status | Flags | 
|---|---|---|---|---|---|---|
| r-devel-linux-x86_64-debian-clang | 3.0-9 | 9.22 | 54.15 | 63.37 | NOTE | |
| r-devel-linux-x86_64-debian-gcc | 3.0-9 | 6.05 | 36.66 | 42.71 | NOTE | |
| r-devel-linux-x86_64-fedora-clang | 3.0-9 | 20.00 | 73.53 | 93.53 | NOTE | |
| r-devel-linux-x86_64-fedora-gcc | 3.0-9 | 21.00 | 68.05 | 89.05 | NOTE | |
| r-devel-windows-x86_64 | 3.0-9 | 14.00 | 77.00 | 91.00 | NOTE | |
| r-patched-linux-x86_64 | 3.0-9 | 9.76 | 51.69 | 61.45 | NOTE | |
| r-release-linux-x86_64 | 3.0-9 | 8.16 | 50.95 | 59.11 | NOTE | |
| r-release-macos-arm64 | 3.0-9 | 5.00 | 23.00 | 28.00 | NOTE | |
| r-release-macos-x86_64 | 3.0-9 | 8.00 | 43.00 | 51.00 | NOTE | |
| r-release-windows-x86_64 | 3.0-9 | 13.00 | 74.00 | 87.00 | NOTE | |
| r-oldrel-macos-arm64 | 3.0-9 | 5.00 | 21.00 | 26.00 | NOTE | |
| r-oldrel-macos-x86_64 | 3.0-9 | 11.00 | 37.00 | 48.00 | NOTE | |
| r-oldrel-windows-x86_64 | 3.0-9 | 13.00 | 89.00 | 102.00 | NOTE | 
Version: 3.0-9
Check: CRAN incoming feasibility
Result: NOTE
  Maintainer: ‘Rolf Turner <r.turner@auckland.ac.nz>’
  
  No Authors@R field in DESCRIPTION.
  Please add one, modifying
    Authors@R: person(given = "Rolf",
                      family = "Turner",
                      role = c("aut", "cre"),
                      email = "r.turner@auckland.ac.nz")
  as necessary.
Flavors: r-devel-linux-x86_64-debian-clang, r-devel-linux-x86_64-debian-gcc
Version: 3.0-9
Check: Rd files
Result: NOTE
  checkRd: (-1) nafracCalc.Rd:45: Lost braces
      45 |   as if code{y} were not of class \code{"multipleHmmDataSets"}.
         |             ^
Flavors: r-devel-linux-x86_64-debian-clang, r-devel-linux-x86_64-debian-gcc, r-devel-linux-x86_64-fedora-clang, r-devel-linux-x86_64-fedora-gcc, r-devel-windows-x86_64, r-patched-linux-x86_64, r-release-linux-x86_64, r-release-macos-arm64, r-release-macos-x86_64, r-release-windows-x86_64, r-oldrel-macos-arm64, r-oldrel-macos-x86_64, r-oldrel-windows-x86_64