Last updated on 2025-02-21 17:50:43 CET.
Flavor | Version | Tinstall | Tcheck | Ttotal | Status | Flags |
---|---|---|---|---|---|---|
r-devel-linux-x86_64-debian-clang | 1.1.5 | 35.18 | 28.58 | 63.76 | OK | |
r-devel-linux-x86_64-debian-gcc | 1.1.5 | 28.42 | 21.21 | 49.63 | OK | |
r-devel-linux-x86_64-fedora-clang | 1.1.5 | 114.39 | OK | |||
r-devel-linux-x86_64-fedora-gcc | 1.1.5 | 120.53 | OK | |||
r-devel-macos-arm64 | 1.1.5 | 27.00 | OK | |||
r-devel-macos-x86_64 | 1.1.5 | 58.00 | OK | |||
r-devel-windows-x86_64 | 1.1.5 | 35.00 | 67.00 | 102.00 | OK | |
r-patched-linux-x86_64 | 1.1.5 | 40.99 | 27.50 | 68.49 | OK | |
r-release-linux-x86_64 | 1.1.5 | 38.46 | 28.30 | 66.76 | OK | |
r-release-macos-arm64 | 1.1.5 | 27.00 | NOTE | |||
r-release-macos-x86_64 | 1.1.5 | 50.00 | NOTE | |||
r-release-windows-x86_64 | 1.1.5 | 37.00 | 69.00 | 106.00 | OK | |
r-oldrel-macos-arm64 | 1.1.5 | 38.00 | NOTE | |||
r-oldrel-macos-x86_64 | 1.1.5 | 77.00 | NOTE | |||
r-oldrel-windows-x86_64 | 1.1.5 | 46.00 | 77.00 | 123.00 | OK |
Version: 1.1.5
Check: installed package size
Result: NOTE
installed size is 5.2Mb
sub-directories of 1Mb or more:
libs 5.0Mb
Flavors: r-release-macos-arm64, r-release-macos-x86_64, r-oldrel-macos-arm64, r-oldrel-macos-x86_64