CRAN Package Check Results for Package histmdl

Last updated on 2025-07-13 18:52:46 CEST.

Flavor Version Tinstall Tcheck Ttotal Status Flags
r-devel-linux-x86_64-debian-clang 0.7-1 2.35 17.86 20.21 NOTE
r-devel-linux-x86_64-debian-gcc 0.7-1 1.84 14.88 16.72 NOTE
r-devel-linux-x86_64-fedora-clang 0.7-1 32.33 OK
r-devel-linux-x86_64-fedora-gcc 0.7-1 29.59 OK
r-devel-windows-x86_64 0.7-1 4.00 41.00 45.00 OK
r-patched-linux-x86_64 0.7-1 2.08 16.99 19.07 OK
r-release-linux-x86_64 0.7-1 2.19 16.99 19.18 OK
r-release-macos-arm64 0.7-1 16.00 OK
r-release-macos-x86_64 0.7-1 24.00 OK
r-release-windows-x86_64 0.7-1 5.00 44.00 49.00 OK
r-oldrel-macos-arm64 0.7-1 15.00 OK
r-oldrel-macos-x86_64 0.7-1 22.00 OK
r-oldrel-windows-x86_64 0.7-1 4.00 39.00 43.00 OK

Check Details

Version: 0.7-1
Check: CRAN incoming feasibility
Result: NOTE Maintainer: ‘Jouke Witteveen <j.witteveen@gmail.com>’ No Authors@R field in DESCRIPTION. Please add one, modifying Authors@R: person(given = "Jouke", family = "Witteveen", role = c("aut", "cre"), email = "j.witteveen@gmail.com") as necessary. Flavors: r-devel-linux-x86_64-debian-clang, r-devel-linux-x86_64-debian-gcc

mirror server hosted at Truenetwork, Russian Federation.