CRAN Package Check Results for Package hindex

Last updated on 2025-07-13 06:48:26 CEST.

Flavor Version Tinstall Tcheck Ttotal Status Flags
r-devel-linux-x86_64-debian-clang 0.2.0 3.25 33.09 36.34 NOTE
r-devel-linux-x86_64-debian-gcc 0.2.0 2.07 24.74 26.81 NOTE
r-devel-linux-x86_64-fedora-clang 0.2.0 54.69 OK
r-devel-linux-x86_64-fedora-gcc 0.2.0 49.02 OK
r-devel-windows-x86_64 0.2.0 4.00 54.00 58.00 OK
r-patched-linux-x86_64 0.2.0 2.96 30.65 33.61 OK
r-release-linux-x86_64 0.2.0 2.65 30.48 33.13 OK
r-release-macos-arm64 0.2.0 22.00 OK
r-release-macos-x86_64 0.2.0 35.00 OK
r-release-windows-x86_64 0.2.0 4.00 57.00 61.00 OK
r-oldrel-macos-arm64 0.2.0 20.00 NOTE
r-oldrel-macos-x86_64 0.2.0 31.00 NOTE
r-oldrel-windows-x86_64 0.2.0 5.00 61.00 66.00 NOTE

Check Details

Version: 0.2.0
Check: CRAN incoming feasibility
Result: NOTE Maintainer: ‘Alexander Tekles <alexander.tekles@soziologie.uni-muenchen.de>’ The Description field contains described in more detail in Bornmann et al. (2019) <arXiv:1905.11052>. Please refer to arXiv e-prints via their arXiv DOI <doi:10.48550/arXiv.YYMM.NNNNN>. Flavors: r-devel-linux-x86_64-debian-clang, r-devel-linux-x86_64-debian-gcc

Version: 0.2.0
Check: LazyData
Result: NOTE 'LazyData' is specified without a 'data' directory Flavors: r-oldrel-macos-arm64, r-oldrel-macos-x86_64, r-oldrel-windows-x86_64

mirror server hosted at Truenetwork, Russian Federation.