CRAN Package Check Results for Package hindex

Last updated on 2025-11-04 23:53:10 CET.

Flavor Version Tinstall Tcheck Ttotal Status Flags
r-devel-linux-x86_64-debian-clang 0.2.0 3.08 35.58 38.66 NOTE
r-devel-linux-x86_64-debian-gcc 0.2.0 1.76 26.57 28.33 NOTE
r-devel-linux-x86_64-fedora-clang 0.2.0 56.99 OK
r-devel-linux-x86_64-fedora-gcc 0.2.0 54.00 OK
r-devel-windows-x86_64 0.2.0 5.00 55.00 60.00 OK
r-patched-linux-x86_64 0.2.0 3.18 33.96 37.14 OK
r-release-linux-x86_64 0.2.0 2.72 34.39 37.11 OK
r-release-macos-arm64 0.2.0 2.00 20.00 22.00 OK
r-release-macos-x86_64 0.2.0 3.00 32.00 35.00 OK
r-release-windows-x86_64 0.2.0 5.00 53.00 58.00 OK
r-oldrel-macos-arm64 0.2.0 1.00 19.00 20.00 NOTE
r-oldrel-macos-x86_64 0.2.0 2.00 29.00 31.00 NOTE
r-oldrel-windows-x86_64 0.2.0 5.00 63.00 68.00 NOTE

Check Details

Version: 0.2.0
Check: CRAN incoming feasibility
Result: NOTE Maintainer: ‘Alexander Tekles <alexander.tekles@soziologie.uni-muenchen.de>’ The Description field contains described in more detail in Bornmann et al. (2019) <arXiv:1905.11052>. Please refer to arXiv e-prints via their arXiv DOI <doi:10.48550/arXiv.YYMM.NNNNN>. Flavors: r-devel-linux-x86_64-debian-clang, r-devel-linux-x86_64-debian-gcc

Version: 0.2.0
Check: LazyData
Result: NOTE 'LazyData' is specified without a 'data' directory Flavors: r-oldrel-macos-arm64, r-oldrel-macos-x86_64, r-oldrel-windows-x86_64

mirror server hosted at Truenetwork, Russian Federation.