CRAN Package Check Results for Package hildareadR

Last updated on 2025-11-28 17:48:42 CET.

Flavor Version Tinstall Tcheck Ttotal Status Flags
r-devel-linux-x86_64-debian-clang 0.2.0 3.31 32.86 36.17 OK
r-devel-linux-x86_64-debian-gcc 0.2.0 2.67 24.82 27.49 OK
r-devel-linux-x86_64-fedora-clang 0.2.0 14.00 41.98 55.98 OK
r-devel-linux-x86_64-fedora-gcc 0.2.0 48.85 OK
r-devel-windows-x86_64 0.2.0 5.00 48.00 53.00 OK
r-patched-linux-x86_64 0.2.0 3.48 30.75 34.23 OK
r-release-linux-x86_64 0.2.0 3.62 31.06 34.68 OK
r-release-macos-arm64 0.2.0 OK
r-release-macos-x86_64 0.2.0 3.00 30.00 33.00 OK
r-release-windows-x86_64 0.2.0 4.00 51.00 55.00 OK
r-oldrel-macos-arm64 0.2.0 NOTE
r-oldrel-macos-x86_64 0.2.0 4.00 27.00 31.00 NOTE
r-oldrel-windows-x86_64 0.2.0 6.00 57.00 63.00 NOTE

Check Details

Version: 0.2.0
Check: LazyData
Result: NOTE 'LazyData' is specified without a 'data' directory Flavors: r-oldrel-macos-arm64, r-oldrel-macos-x86_64, r-oldrel-windows-x86_64

mirror server hosted at Truenetwork, Russian Federation.