CRAN Package Check Results for Package highDmean

Last updated on 2025-11-04 13:50:16 CET.

Flavor Version Tinstall Tcheck Ttotal Status Flags
r-devel-linux-x86_64-debian-clang 0.1.0 2.22 22.97 25.19 NOTE
r-devel-linux-x86_64-debian-gcc 0.1.0 1.67 19.24 20.91 NOTE
r-devel-linux-x86_64-fedora-clang 0.1.0 35.72 OK
r-devel-linux-x86_64-fedora-gcc 0.1.0 32.88 OK
r-devel-windows-x86_64 0.1.0 3.00 43.00 46.00 OK
r-patched-linux-x86_64 0.1.0 1.71 21.57 23.28 OK
r-release-linux-x86_64 0.1.0 1.75 21.44 23.19 OK
r-release-macos-arm64 0.1.0 1.00 15.00 16.00 OK
r-release-macos-x86_64 0.1.0 2.00 22.00 24.00 OK
r-release-windows-x86_64 0.1.0 3.00 40.00 43.00 OK
r-oldrel-macos-arm64 0.1.0 1.00 15.00 16.00 OK
r-oldrel-macos-x86_64 0.1.0 2.00 21.00 23.00 OK
r-oldrel-windows-x86_64 0.1.0 3.00 43.00 46.00 OK

Check Details

Version: 0.1.0
Check: CRAN incoming feasibility
Result: NOTE Maintainer: ‘Huaiyu Zhang <huaiyuzhang1988@gmail.com>’ No Authors@R field in DESCRIPTION. Please add one, modifying Authors@R: c(person(given = "Huaiyu", family = "Zhang", role = c("aut", "cre"), email = "huaiyuzhang1988@gmail.com"), person(given = "Haiyan", family = "Wang", role = "aut")) as necessary. Flavors: r-devel-linux-x86_64-debian-clang, r-devel-linux-x86_64-debian-gcc

mirror server hosted at Truenetwork, Russian Federation.