Last updated on 2025-05-22 18:52:07 CEST.
Flavor | Version | Tinstall | Tcheck | Ttotal | Status | Flags |
---|---|---|---|---|---|---|
r-devel-linux-x86_64-debian-clang | 0.6-1 | 62.54 | 221.96 | 284.50 | OK | |
r-devel-linux-x86_64-debian-gcc | 0.6-1 | 40.21 | 149.06 | 189.27 | OK | |
r-devel-linux-x86_64-fedora-clang | 0.6-1 | 420.06 | OK | |||
r-devel-linux-x86_64-fedora-gcc | 0.6-1 | 430.60 | OK | |||
r-devel-windows-x86_64 | 0.6-1 | 68.00 | 249.00 | 317.00 | OK | |
r-patched-linux-x86_64 | 0.6-1 | 61.37 | 214.58 | 275.95 | OK | |
r-release-linux-x86_64 | 0.6-1 | 62.96 | 205.46 | 268.42 | OK | |
r-release-macos-arm64 | 0.6-1 | 153.00 | OK | |||
r-release-macos-x86_64 | 0.6-1 | 327.00 | OK | |||
r-release-windows-x86_64 | 0.6-1 | 67.00 | 230.00 | 297.00 | OK | |
r-oldrel-macos-arm64 | 0.6-1 | 259.00 | NOTE | |||
r-oldrel-macos-x86_64 | 0.6-1 | 345.00 | NOTE | |||
r-oldrel-windows-x86_64 | 0.6-1 | 78.00 | 270.00 | 348.00 | OK |
Version: 0.6-1
Check: installed package size
Result: NOTE
installed size is 8.2Mb
sub-directories of 1Mb or more:
libs 7.1Mb
Flavors: r-oldrel-macos-arm64, r-oldrel-macos-x86_64