Last updated on 2025-02-21 17:50:43 CET.
Flavor | Version | Tinstall | Tcheck | Ttotal | Status | Flags |
---|---|---|---|---|---|---|
r-devel-linux-x86_64-debian-clang | 0.6-1 | 61.99 | 211.01 | 273.00 | OK | |
r-devel-linux-x86_64-debian-gcc | 0.6-1 | 44.53 | 151.65 | 196.18 | OK | |
r-devel-linux-x86_64-fedora-clang | 0.6-1 | 432.08 | OK | |||
r-devel-linux-x86_64-fedora-gcc | 0.6-1 | 417.79 | OK | |||
r-devel-macos-arm64 | 0.6-1 | 139.00 | OK | |||
r-devel-macos-x86_64 | 0.6-1 | 286.00 | OK | |||
r-devel-windows-x86_64 | 0.6-1 | 59.00 | 222.00 | 281.00 | OK | |
r-patched-linux-x86_64 | 0.6-1 | 57.28 | 219.46 | 276.74 | OK | |
r-release-linux-x86_64 | 0.6-1 | 59.68 | 211.74 | 271.42 | OK | |
r-release-macos-arm64 | 0.6-1 | 259.00 | NOTE | |||
r-release-macos-x86_64 | 0.6-1 | 345.00 | NOTE | |||
r-release-windows-x86_64 | 0.6-1 | 59.00 | 224.00 | 283.00 | OK | |
r-oldrel-macos-arm64 | 0.6-1 | 273.00 | NOTE | |||
r-oldrel-macos-x86_64 | 0.6-1 | 360.00 | NOTE | |||
r-oldrel-windows-x86_64 | 0.6-1 | 70.00 | 253.00 | 323.00 | OK |
Version: 0.6-1
Check: installed package size
Result: NOTE
installed size is 8.2Mb
sub-directories of 1Mb or more:
libs 7.1Mb
Flavors: r-release-macos-arm64, r-release-macos-x86_64, r-oldrel-macos-arm64, r-oldrel-macos-x86_64