CRAN Package Check Results for Package hetsurr

Last updated on 2025-07-16 07:49:07 CEST.

Flavor Version Tinstall Tcheck Ttotal Status Flags
r-devel-linux-x86_64-debian-clang 1.0 6.13 61.18 67.31 NOTE
r-devel-linux-x86_64-debian-gcc 1.0 4.79 44.54 49.33 NOTE
r-devel-linux-x86_64-fedora-clang 1.0 98.82 OK
r-devel-linux-x86_64-fedora-gcc 1.0 98.14 OK
r-devel-windows-x86_64 1.0 7.00 77.00 84.00 OK
r-patched-linux-x86_64 1.0 6.76 56.70 63.46 OK
r-release-linux-x86_64 1.0 6.49 56.82 63.31 OK
r-release-macos-arm64 1.0 38.00 OK
r-release-macos-x86_64 1.0 64.00 OK
r-release-windows-x86_64 1.0 7.00 82.00 89.00 OK
r-oldrel-macos-arm64 1.0 34.00 OK
r-oldrel-macos-x86_64 1.0 47.00 OK
r-oldrel-windows-x86_64 1.0 9.00 89.00 98.00 OK

Check Details

Version: 1.0
Check: CRAN incoming feasibility
Result: NOTE Maintainer: ‘Layla Parast <parast@austin.utexas.edu>’ No Authors@R field in DESCRIPTION. Please add one, modifying Authors@R: person(given = "Layla", family = "Parast", role = c("aut", "cre"), email = "parast@austin.utexas.edu") as necessary. Flavors: r-devel-linux-x86_64-debian-clang, r-devel-linux-x86_64-debian-gcc

mirror server hosted at Truenetwork, Russian Federation.