Last updated on 2025-11-04 05:51:13 CET.
| Flavor | Version | Tinstall | Tcheck | Ttotal | Status | Flags | 
|---|---|---|---|---|---|---|
| r-devel-linux-x86_64-debian-clang | 0.5.7 | 243.60 | 420.09 | 663.69 | OK | |
| r-devel-linux-x86_64-debian-gcc | 0.5.7 | 176.30 | 271.71 | 448.01 | OK | |
| r-devel-linux-x86_64-fedora-clang | 0.5.7 | 327.00 | 732.67 | 1059.67 | OK | |
| r-devel-linux-x86_64-fedora-gcc | 0.5.7 | 307.00 | 739.48 | 1046.48 | OK | |
| r-devel-windows-x86_64 | 0.5.7 | 279.00 | 439.00 | 718.00 | OK | |
| r-patched-linux-x86_64 | 0.5.7 | 266.18 | 376.91 | 643.09 | OK | |
| r-release-linux-x86_64 | 0.5.7 | 256.94 | 367.22 | 624.16 | OK | |
| r-release-macos-arm64 | 0.5.7 | 89.00 | 167.00 | 256.00 | OK | |
| r-release-macos-x86_64 | 0.5.7 | 102.00 | 311.00 | 413.00 | OK | |
| r-release-windows-x86_64 | 0.5.7 | 279.00 | 426.00 | 705.00 | OK | |
| r-oldrel-macos-arm64 | 0.5.7 | 91.00 | 228.00 | 319.00 | NOTE | |
| r-oldrel-macos-x86_64 | 0.5.7 | 93.00 | 379.00 | 472.00 | NOTE | |
| r-oldrel-windows-x86_64 | 0.5.7 | 346.00 | 561.00 | 907.00 | NOTE | 
Version: 0.5.7
Check: installed package size
Result: NOTE
    installed size is 23.9Mb
    sub-directories of 1Mb or more:
      doc    2.2Mb
      libs  19.8Mb
Flavors: r-oldrel-macos-arm64, r-oldrel-macos-x86_64, r-oldrel-windows-x86_64