Last updated on 2025-07-16 00:49:43 CEST.
Flavor | Version | Tinstall | Tcheck | Ttotal | Status | Flags |
---|---|---|---|---|---|---|
r-devel-linux-x86_64-debian-clang | 0.5.5 | 239.22 | 408.89 | 648.11 | OK | |
r-devel-linux-x86_64-debian-gcc | 0.5.5 | 188.34 | 264.09 | 452.43 | OK | |
r-devel-linux-x86_64-fedora-clang | 0.5.5 | 1020.95 | OK | |||
r-devel-linux-x86_64-fedora-gcc | 0.5.5 | 1028.78 | OK | |||
r-devel-windows-x86_64 | 0.5.5 | 285.00 | 447.00 | 732.00 | OK | |
r-patched-linux-x86_64 | 0.5.5 | 277.71 | 351.52 | 629.23 | OK | |
r-release-linux-x86_64 | 0.5.5 | 261.45 | 350.57 | 612.02 | OK | |
r-release-macos-arm64 | 0.5.5 | 258.00 | OK | |||
r-release-macos-x86_64 | 0.5.5 | 455.00 | OK | |||
r-release-windows-x86_64 | 0.5.5 | 264.00 | 457.00 | 721.00 | OK | |
r-oldrel-macos-arm64 | 0.5.5 | 257.00 | NOTE | |||
r-oldrel-macos-x86_64 | 0.5.5 | 425.00 | NOTE | |||
r-oldrel-windows-x86_64 | 0.5.5 | 345.00 | 554.00 | 899.00 | NOTE |
Version: 0.5.5
Check: installed package size
Result: NOTE
installed size is 23.8Mb
sub-directories of 1Mb or more:
doc 2.2Mb
libs 19.7Mb
Flavors: r-oldrel-macos-arm64, r-oldrel-macos-x86_64, r-oldrel-windows-x86_64