Last updated on 2025-11-03 23:50:19 CET.
| Flavor | Version | Tinstall | Tcheck | Ttotal | Status | Flags | 
|---|---|---|---|---|---|---|
| r-devel-linux-x86_64-debian-clang | 0.6.0 | 2.00 | 31.55 | 33.55 | OK | |
| r-devel-linux-x86_64-debian-gcc | 0.6.0 | 1.57 | 25.25 | 26.82 | OK | |
| r-devel-linux-x86_64-fedora-clang | 0.6.0 | 53.77 | OK | |||
| r-devel-linux-x86_64-fedora-gcc | 0.6.0 | 59.96 | OK | |||
| r-devel-windows-x86_64 | 0.6.0 | 3.00 | 51.00 | 54.00 | OK | |
| r-patched-linux-x86_64 | 0.6.0 | 2.26 | 29.00 | 31.26 | OK | |
| r-release-linux-x86_64 | 0.6.0 | 1.88 | 29.27 | 31.15 | OK | |
| r-release-macos-arm64 | 0.6.0 | 1.00 | 26.00 | 27.00 | OK | |
| r-release-macos-x86_64 | 0.6.0 | 2.00 | 48.00 | 50.00 | OK | |
| r-release-windows-x86_64 | 0.6.0 | 4.00 | 51.00 | 55.00 | OK | |
| r-oldrel-macos-arm64 | 0.6.0 | 1.00 | 24.00 | 25.00 | NOTE | |
| r-oldrel-macos-x86_64 | 0.6.0 | 2.00 | 40.00 | 42.00 | NOTE | |
| r-oldrel-windows-x86_64 | 0.6.0 | 5.00 | 60.00 | 65.00 | NOTE | 
Version: 0.6.0
Check: LazyData
Result: NOTE
    'LazyData' is specified without a 'data' directory
Flavors: r-oldrel-macos-arm64, r-oldrel-macos-x86_64, r-oldrel-windows-x86_64