CRAN Package Check Results for Package healthyR

Last updated on 2025-11-04 13:50:16 CET.

Flavor Version Tinstall Tcheck Ttotal Status Flags
r-devel-linux-x86_64-debian-clang 0.2.2 10.89 108.40 119.29 NOTE
r-devel-linux-x86_64-debian-gcc 0.2.2 7.64 79.51 87.15 NOTE
r-devel-linux-x86_64-fedora-clang 0.2.2 63.00 123.08 186.08 NOTE
r-devel-linux-x86_64-fedora-gcc 0.2.2 24.00 152.79 176.79 NOTE
r-devel-windows-x86_64 0.2.2 14.00 115.00 129.00 NOTE
r-patched-linux-x86_64 0.2.2 9.28 98.65 107.93 NOTE
r-release-linux-x86_64 0.2.2 10.61 100.90 111.51 NOTE
r-release-macos-arm64 0.2.2 5.00 51.00 56.00 NOTE
r-release-macos-x86_64 0.2.2 11.00 94.00 105.00 NOTE
r-release-windows-x86_64 0.2.2 13.00 114.00 127.00 NOTE
r-oldrel-macos-arm64 0.2.2 6.00 57.00 63.00 NOTE
r-oldrel-macos-x86_64 0.2.2 16.00 142.00 158.00 NOTE
r-oldrel-windows-x86_64 0.2.2 18.00 146.00 164.00 NOTE

Check Details

Version: 0.2.2
Check: CRAN incoming feasibility
Result: NOTE Maintainer: ‘Steven Sanderson <spsanderson@gmail.com>’ Found the following (possibly) invalid URLs: URL: https://lifecycle.r-lib.org/articles/stages.html##experimental From: README.md Message: Invalid URL: '#' not allowed in fragment Flavors: r-devel-linux-x86_64-debian-clang, r-devel-linux-x86_64-debian-gcc

Version: 0.2.2
Check: DESCRIPTION meta-information
Result: NOTE Missing dependency on R >= 4.1.0 because package code uses the pipe |> or function shorthand \(...) syntax added in R 4.1.0. File(s) using such syntax: ‘plt-gartner-magic-chart.R’ ‘utils-save-to-excel.R’ Flavors: r-devel-linux-x86_64-debian-clang, r-devel-linux-x86_64-debian-gcc, r-devel-linux-x86_64-fedora-clang, r-devel-linux-x86_64-fedora-gcc, r-devel-windows-x86_64, r-patched-linux-x86_64, r-release-linux-x86_64, r-release-macos-arm64, r-release-macos-x86_64, r-release-windows-x86_64

Version: 0.2.2
Check: installed package size
Result: NOTE installed size is 5.5Mb sub-directories of 1Mb or more: data 1.5Mb doc 3.7Mb Flavors: r-oldrel-macos-arm64, r-oldrel-macos-x86_64, r-oldrel-windows-x86_64

mirror server hosted at Truenetwork, Russian Federation.